
{"id":1088,"date":"2023-10-13T09:06:00","date_gmt":"2023-10-13T09:06:00","guid":{"rendered":"https:\/\/overline-poetry.de\/?page_id=1088"},"modified":"2025-09-08T11:36:07","modified_gmt":"2025-09-08T11:36:07","slug":"schweinemast-und-pmsg-pregnant-mare-serum-gonadotropin","status":"publish","type":"page","link":"https:\/\/overline-poetry.de\/index.php\/schweinemast-und-pmsg-pregnant-mare-serum-gonadotropin\/","title":{"rendered":"Schweinemast und PMSG (Pregnant Mare Serum Gonadotropin)"},"content":{"rendered":"\n<p>In S\u00fcdamerika und auch in Europa werden Pferdestuten gequ\u00e4lt,<br>dadurch gewinnt man das Serum <strong>PMSG<\/strong> und nur das dann z\u00e4hlt.<br>Die Pferdestuten werden vergewaltigt dann zum Tragen gebracht,<br>und diese Tierqu\u00e4lerei wird f\u00fcr die \u201eMassentierqu\u00e4lerei\u201c gemacht.<br><br>Mit <strong>PMSG<\/strong> die Abl\u00e4ufe bei der Schweineproduktion eng koordiniert,<br>aber von der Geburt bis zur Schlachtung das Schwein nur verliert.<br>Au\u00dferdem kann die Sauen geplant fast zeitgleich \u201ewerfen\u201c lassen,<br>damit f\u00fcr die weitere Produktion hat man dann Ferkel in Massen.<br><br>Bis zu 10 Liter Blut dann den Pferdestuten jedes Mal entnommen<br>und daraus gewonnene Hormon <strong>PMSG<\/strong> Sauen geimpft bekommen.<br>Das erh\u00f6ht dann den Fleischzuwachs und auch die Fruchtbarkeit,<br>so dass die Sauen f\u00fcr eine \u201eBelegung\u201c sind schnell wieder bereit.<br><br>Die Leibesfrucht, das Fohlen, wird oftmals gewaltsam abgetrieben,<br>denn das ausgetragene Fohlen der Stuten wird man nicht lieben.<br>Es geht nur um das Schwangerschaftshormon der Pferdestuten<br>und f\u00fcr die Gewinnung von <strong>PMSG<\/strong> die Pferdestuten sehr oft bluten.<br><br>Die Pferdestuten durch Blutentnahme geschw\u00e4cht und sehr leiden,<br>diese brutale Gewinnung vom Serum <strong>PMSG<\/strong> sollte man vermeiden.<br>Der Verbraucher entscheidet und die Ern\u00e4hrung sollte so gew\u00e4hlt,<br>wenn nicht vegan, das f\u00fcr die Fleischproduktion kein Tier gequ\u00e4lt.<br><br>Das Landwirtschaftsministerium ist seit 2021 in \u201egr\u00fcnen H\u00e4nden\u201c<br>und man kann hoffen, dass der Irrsinn mit <strong>PMSG<\/strong> wird bald enden.<br>Und nicht, dass diese Qu\u00e4lereien verlaufen dann wieder im Sand,<br>weil ein Alternativprodukt den Massentierhaltern nicht bekannt.<\/p>\n\n\n\n<p><br><strong>\u00a9<\/strong> Rainer Dambroth &#8211; 13.10.2023 &#8211; <strong><a href=\"https:\/\/www.overline-poetry.de\/\">www.overline-poetry.de<\/a><\/strong><br><br><em><strong>Durch die von dem Hormon <\/strong><\/em><strong><em><strong>PMSG<\/strong><\/em><\/strong><em><strong> ausgel\u00f6ste Einnistung besonders vieler Eizellen in der Geb\u00e4rmutter kann es zu vermehrten Fehlgeburten kommen. Die Sauen bekommen dennoch mehr Ferkel pro Wurf. Dadurch kann es dazu kommen, dass die Sauen mehr Ferkel als Zitzen haben und nicht alle versorgen k\u00f6nnen. 03.06.2017<\/strong><\/em><\/p>\n","protected":false},"excerpt":{"rendered":"<p>In S\u00fcdamerika und auch in Europa werden Pferdestuten gequ\u00e4lt,dadurch gewinnt man das Serum PMSG und nur das dann z\u00e4hlt.Die Pferdestuten werden vergewaltigt dann zum Tragen gebracht,und diese Tierqu\u00e4lerei wird f\u00fcr die \u201eMassentierqu\u00e4lerei\u201c gemacht. Mit PMSG die Abl\u00e4ufe bei der Schweineproduktion eng koordiniert,aber von der Geburt bis zur Schlachtung das Schwein nur verliert.Au\u00dferdem kann die Sauen [&hellip;]<\/p>\n","protected":false},"author":1,"featured_media":0,"parent":0,"menu_order":0,"comment_status":"closed","ping_status":"closed","template":"","meta":{"footnotes":""},"class_list":["post-1088","page","type-page","status-publish","hentry"],"jetpack_sharing_enabled":true,"_links":{"self":[{"href":"https:\/\/overline-poetry.de\/index.php\/wp-json\/wp\/v2\/pages\/1088","targetHints":{"allow":["GET"]}}],"collection":[{"href":"https:\/\/overline-poetry.de\/index.php\/wp-json\/wp\/v2\/pages"}],"about":[{"href":"https:\/\/overline-poetry.de\/index.php\/wp-json\/wp\/v2\/types\/page"}],"author":[{"embeddable":true,"href":"https:\/\/overline-poetry.de\/index.php\/wp-json\/wp\/v2\/users\/1"}],"replies":[{"embeddable":true,"href":"https:\/\/overline-poetry.de\/index.php\/wp-json\/wp\/v2\/comments?post=1088"}],"version-history":[{"count":1,"href":"https:\/\/overline-poetry.de\/index.php\/wp-json\/wp\/v2\/pages\/1088\/revisions"}],"predecessor-version":[{"id":1092,"href":"https:\/\/overline-poetry.de\/index.php\/wp-json\/wp\/v2\/pages\/1088\/revisions\/1092"}],"wp:attachment":[{"href":"https:\/\/overline-poetry.de\/index.php\/wp-json\/wp\/v2\/media?parent=1088"}],"curies":[{"name":"wp","href":"https:\/\/api.w.org\/{rel}","templated":true}]}}