
{"id":1102,"date":"2023-07-11T15:36:00","date_gmt":"2023-07-11T15:36:00","guid":{"rendered":"https:\/\/overline-poetry.de\/?page_id=1102"},"modified":"2025-09-08T15:37:26","modified_gmt":"2025-09-08T15:37:26","slug":"medwedew-droht-bei-waffenlieferung-mit-krieg","status":"publish","type":"page","link":"https:\/\/overline-poetry.de\/index.php\/medwedew-droht-bei-waffenlieferung-mit-krieg\/","title":{"rendered":"Medwedew droht bei Waffenlieferung mit Krieg"},"content":{"rendered":"\n<p>Putins Lakai Medwedew droht bei neuer Waffenlieferung mit Krieg,<br>sollte es der \u201eWesten\u201c wagen, der Ukraine verhelfen zu einem Sieg.<br>Was hat der KGB-Typ, Dmitri Medwedew, blo\u00df f\u00fcr Kr\u00e4uter geraucht?<br>Der \u201eWesten\u201c wird helfen, wenn ein \u00fcberfallenes Land Hilfe braucht!<br><br>Die Ukraine sich mehr nach den Werten des \u201eWesten\u201c hin orientiert<br>und somit eine \u201ezu feste Verbindung\u201c zu Russland nicht interessiert.<br>Warum kann ein Land sich nicht frei und eigenst\u00e4ndig entscheiden,<br>mit wem will es sich verb\u00fcnden und mit wem es lieber \u201evermeiden\u201c.<br><br>Die russische Kreml-F\u00fchrungs-Elite will es einfach nicht verstehen,<br>dass Ukrainer die russischen Invasoren nur von hinten gerne sehen.<br>Die Invasoren sollten die Ukraine \u201er\u00fcckstandsfrei\u201c wieder verlassen,<br>bevor noch viele unschuldige Menschen m\u00fcssen dann \u201eerblassen\u201c.<br><br>Die Ukraine will nicht Russland als Unterlegenden dann bezwingen,<br>sondern als unerw\u00fcnschten Besucher wieder nach drau\u00dfen bringen.<br>Dann w\u00e4re noch die Zeche f\u00fcr die entstandenen Sch\u00e4den zu zahlen!<br>Zuerst die Oligarchen mit den Milliarden, womit sie immer prahlen.<br><br>Wer nur das Gesetz der milit\u00e4rischen Macht hat f\u00fcr sich ausgew\u00e4hlt,<br>der wird von der Friedensgemeinschaft, der Nato, dann angez\u00e4hlt,<br>Von Russland, als ukrainischer Nachbar, ist Frieden zu garantieren,<br>sonst das bleibende Risiko, das die Russen wieder einmarschieren.<br><br>Putin sieht sich durch die Nato bedroht und zu dem Krieg getrieben,<br>aber Nachbarl\u00e4nder Russlands w\u00e4ren ohne die Nato schon zerrieben.<br>Der Despot Putin hatte auch schon gedroht mit weiterer Annexion<br>und welches Land wartet gerne auf einen russischen Angriff schon.<br><br><strong>\u00a9<\/strong> Rainer Dambroth \u2013 11.07.2023 &#8211; <strong><a href=\"http:\/\/www.overline-poetry.de\/\">www.overline-poetry.de<\/a><\/strong><br><br><em>Pr\u00e4sident (Dmitri) Medwedew und Ministerpr\u00e4sident Putin gehen diese Probleme an \u2013 \u00fcbrigens gemeinsam, in Freundschaft und gegenseitigem Respekt, und nicht in Konkurrenz zueinander, wie journalistische Wahrsager oft suggerieren.<br>Internetfund<\/em><\/p>\n","protected":false},"excerpt":{"rendered":"<p>Putins Lakai Medwedew droht bei neuer Waffenlieferung mit Krieg,sollte es der \u201eWesten\u201c wagen, der Ukraine verhelfen zu einem Sieg.Was hat der KGB-Typ, Dmitri Medwedew, blo\u00df f\u00fcr Kr\u00e4uter geraucht?Der \u201eWesten\u201c wird helfen, wenn ein \u00fcberfallenes Land Hilfe braucht! Die Ukraine sich mehr nach den Werten des \u201eWesten\u201c hin orientiertund somit eine \u201ezu feste Verbindung\u201c zu Russland [&hellip;]<\/p>\n","protected":false},"author":1,"featured_media":0,"parent":0,"menu_order":0,"comment_status":"closed","ping_status":"closed","template":"","meta":{"footnotes":""},"class_list":["post-1102","page","type-page","status-publish","hentry"],"jetpack_sharing_enabled":true,"_links":{"self":[{"href":"https:\/\/overline-poetry.de\/index.php\/wp-json\/wp\/v2\/pages\/1102","targetHints":{"allow":["GET"]}}],"collection":[{"href":"https:\/\/overline-poetry.de\/index.php\/wp-json\/wp\/v2\/pages"}],"about":[{"href":"https:\/\/overline-poetry.de\/index.php\/wp-json\/wp\/v2\/types\/page"}],"author":[{"embeddable":true,"href":"https:\/\/overline-poetry.de\/index.php\/wp-json\/wp\/v2\/users\/1"}],"replies":[{"embeddable":true,"href":"https:\/\/overline-poetry.de\/index.php\/wp-json\/wp\/v2\/comments?post=1102"}],"version-history":[{"count":1,"href":"https:\/\/overline-poetry.de\/index.php\/wp-json\/wp\/v2\/pages\/1102\/revisions"}],"predecessor-version":[{"id":1106,"href":"https:\/\/overline-poetry.de\/index.php\/wp-json\/wp\/v2\/pages\/1102\/revisions\/1106"}],"wp:attachment":[{"href":"https:\/\/overline-poetry.de\/index.php\/wp-json\/wp\/v2\/media?parent=1102"}],"curies":[{"name":"wp","href":"https:\/\/api.w.org\/{rel}","templated":true}]}}