
{"id":1110,"date":"2021-07-27T15:56:00","date_gmt":"2021-07-27T15:56:00","guid":{"rendered":"https:\/\/overline-poetry.de\/?page_id=1110"},"modified":"2025-09-08T16:00:25","modified_gmt":"2025-09-08T16:00:25","slug":"der-umgang-mit-kranken-tieren","status":"publish","type":"page","link":"https:\/\/overline-poetry.de\/index.php\/der-umgang-mit-kranken-tieren\/","title":{"rendered":"Der Umgang mit kranken Tieren"},"content":{"rendered":"\n<p>Gestern in einem Fernsehbericht von &#8222;Fakt&#8220; gesehen,<br>wie Menschen mit sehr geschw\u00e4chten Tieren umgehen.<br>Die Kuh wurde pausenlos und ohne Grund geschlagen,<br>dieser Anblick war f\u00fcr mich nur sehr schwer zu ertragen.<br><br>Was hat diesen hirnkranken Menschen nur dazu bewegt,<br>dass er mit dieser Wut auf das geschw\u00e4chte Tier einschl\u00e4gt.<br>Zusammengebrochen ist letztendlich dann die geplagte Kuh,<br>aber dieser hirnkranke Mensch gab noch immer keine Ruh.<br><br>Sie wurde dann auf den Transporter gezogen an einem Bein,<br>wie k\u00f6nnen Menschen gegen\u00fcber Tieren nur so grausam sein.<br>Beim Zuschauen habe ich innerlich schon fast vor Wut gekocht.<br>Typen, die so mit Tieren umgehen, die habe noch nie gemocht.<br><br>Ist ein Tier erkrankt und der Besuch vom Tierarzt ist angesagt,<br>werden diese Kosten gespart und beim Viehh\u00e4ndler angefragt.<br>Wenn Tiere sind f\u00fcr die Produktion nicht mehr zu verwenden,<br>werden sie verkauft und werden bei einem Viehh\u00e4ndler enden.<br><br>Der Viehh\u00e4ndler kauft und er hat nat\u00fcrlich eines nur im Sinn,<br>auch mit kranken Tieren erwirtschaften einen guten Gewinn.<br>Solange das Tier lebt und das Herz des Tieres noch schl\u00e4gt,<br>wird das Tier mit maschineller und brutaler Gewalt bewegt.<br><br>Dies ist wohl g\u00e4ngige Praxis, aber ich kann nicht verstehen,<br>dass zust\u00e4ndige Beh\u00f6rden diese Praktiken wollen nicht sehen.<br>Nur am Schreibtisch einem dieses Szenario nicht begegnet,<br>darum werden diese Praktiken unkompliziert &#8222;abgesegnet&#8220;.<br><br><strong>\u00a9<\/strong> Rainer Dambroth &#8211; 27.07.2021 &#8211; <strong><a href=\"http:\/\/www.overline-poetry.de\">www.overline-poetry.de<\/a><\/strong><br><br><strong>Anmerkung:<\/strong><br>Laut einer Statistik aus dem Jahr 2020 gibt es rund 3,9 Millionen Milchk\u00fche in Deutschland. Das hei\u00dft, dass genau so viele K\u00e4lber geboren werden und vermarktet werden m\u00fcssen, n\u00e4mlich 3,9 Millionen K\u00e4lber.<br><br><span style=\"text-decoration: underline;\">Es gibt auch verantwortungsvolle Landwirte und Viehh\u00e4ndler, aber bei Massentierfabriken ist das Tier nur ein Sache und Milchk\u00fche sind &#8222;zu funktionierende Produktionsmaschinen&#8220;.<\/span><\/p>\n","protected":false},"excerpt":{"rendered":"<p>Gestern in einem Fernsehbericht von &#8222;Fakt&#8220; gesehen,wie Menschen mit sehr geschw\u00e4chten Tieren umgehen.Die Kuh wurde pausenlos und ohne Grund geschlagen,dieser Anblick war f\u00fcr mich nur sehr schwer zu ertragen. Was hat diesen hirnkranken Menschen nur dazu bewegt,dass er mit dieser Wut auf das geschw\u00e4chte Tier einschl\u00e4gt.Zusammengebrochen ist letztendlich dann die geplagte Kuh,aber dieser hirnkranke Mensch [&hellip;]<\/p>\n","protected":false},"author":1,"featured_media":0,"parent":0,"menu_order":0,"comment_status":"closed","ping_status":"closed","template":"","meta":{"footnotes":""},"class_list":["post-1110","page","type-page","status-publish","hentry"],"jetpack_sharing_enabled":true,"_links":{"self":[{"href":"https:\/\/overline-poetry.de\/index.php\/wp-json\/wp\/v2\/pages\/1110","targetHints":{"allow":["GET"]}}],"collection":[{"href":"https:\/\/overline-poetry.de\/index.php\/wp-json\/wp\/v2\/pages"}],"about":[{"href":"https:\/\/overline-poetry.de\/index.php\/wp-json\/wp\/v2\/types\/page"}],"author":[{"embeddable":true,"href":"https:\/\/overline-poetry.de\/index.php\/wp-json\/wp\/v2\/users\/1"}],"replies":[{"embeddable":true,"href":"https:\/\/overline-poetry.de\/index.php\/wp-json\/wp\/v2\/comments?post=1110"}],"version-history":[{"count":1,"href":"https:\/\/overline-poetry.de\/index.php\/wp-json\/wp\/v2\/pages\/1110\/revisions"}],"predecessor-version":[{"id":1114,"href":"https:\/\/overline-poetry.de\/index.php\/wp-json\/wp\/v2\/pages\/1110\/revisions\/1114"}],"wp:attachment":[{"href":"https:\/\/overline-poetry.de\/index.php\/wp-json\/wp\/v2\/media?parent=1110"}],"curies":[{"name":"wp","href":"https:\/\/api.w.org\/{rel}","templated":true}]}}