
{"id":113,"date":"2024-01-07T14:37:00","date_gmt":"2024-01-07T14:37:00","guid":{"rendered":"https:\/\/overline-poetry.de\/?page_id=113"},"modified":"2025-01-16T14:40:54","modified_gmt":"2025-01-16T14:40:54","slug":"als-nachlaeufer-laeuft-man-oft-aerschen-hinterher","status":"publish","type":"page","link":"https:\/\/overline-poetry.de\/index.php\/als-nachlaeufer-laeuft-man-oft-aerschen-hinterher\/","title":{"rendered":"Als Nachl\u00e4ufer l\u00e4uft man oft \u00c4rschen hinterher"},"content":{"rendered":"\n<p>Als Nachl\u00e4ufer man zu oft nur die \u201eArschl\u00f6cher\u201c der Vorl\u00e4ufer sieht<br>und die Nachl\u00e4ufer erkennen oft nicht, was vor ihnen so geschieht.<br>Der Rechtsextremismus sehr stark auf Hass und Hetze dann basiert,<br>so dass meist der nicht \u201ehell leuchtende\u201c Nachl\u00e4ufer dabei verliert.<br>Die Nachl\u00e4ufer ihren Fehler durch das Nachlaufen zu sp\u00e4t erkennen,<br>\u00fcbernehmen die Vorl\u00e4ufer die Macht, sie dieses als Fehler benennen.<br><br>Vorl\u00e4ufer sehen und suchen ihre Macht in der nachlaufenden Menge<br>und sie lieben Anerkennung und Ovation beim \u201eVolk\u201c im Gedr\u00e4nge.<br>Sie erkennen ihre Berufung aus der geschichtlichen Vergangenheit,<br>sehen sich schon als den gro\u00dfen F\u00fchrer in der gegenw\u00e4rtigen Zeit.<br>In Amerika konnte man dieses Szenario bei Donald Trump erleben,<br>zu was sie f\u00e4hig, wenn sie gezielt Hetze an die Menge weitergeben.<br><br>Der Mitl\u00e4ufer f\u00fchlt sich bei alle Gruppieren nur in der Menge wohl,<br>zus\u00e4tzlich angeheizt durch den \u00fcberm\u00e4\u00dfigen Genuss von Alkohol.<br>Durch Schutz der Gruppe zu kriminellen Handlungen angetrieben,<br>das ist dann das Stimmungsumfeld, was sie brauchen und lieben.<br>Sie dann fragw\u00fcrdige Parolen, ohne Hirn, in der Menge skandieren,<br>durch unsere Regierenden, w\u00fcrden sie nur alleine dabei verlieren.<br><br>Die Querl\u00e4ufer, Hooligans, gehen zu Fu\u00dfballspielen in das Stadion,<br>mit dem Vorsatz \u201eStimmung machen\u201c, f\u00fcr das Spiel war es schon.<br>Sie provozieren und bauen in dem Umfeld dann Aggressionen auf,<br>sehen so die Chance f\u00fcr einen Angriff und alles nimmt seinen Lauf.<br>Das untersch\u00e4tzte Risiko, das sie bei dem Angriff k\u00f6nnen verlieren,<br>dass sie nur f\u00fcr eine gewollte \u201ePr\u00fcgelei\u201c ihre Gesundheit riskieren.<br><br>Unterl\u00e4ufer wollen durch ihr Handeln die Regierung destabilisieren<br>und unterlaufen, indem sie gerichtlich Beschl\u00fcsse lassen kassieren.<br>Unterl\u00e4ufer sich nur auf die politische Macht\u00fcbernahme fokussieren<br>und bemerken zu sp\u00e4t, dass Extremisten rechts vorbei marschieren.<br>Im Osten die Vorl\u00e4ufer durch die Nachl\u00e4ufer an Stimmen gewinnen<br>und so werden dann die demokratischen Strukturen daran zerrinnen.<br><br>Die \u00dcberl\u00e4ufer sich dann nach jeder \u201eWahlschlappe\u201c neu orientieren<br>und ist ihre politische Position in Gefahr, wollen diese nicht verlieren.<br>In Wirklichkeit geht es ihnen dabei nur um ihr eigenes Machtgef\u00fcge<br>und so bedienen sie sich in ihrer Selbstdarstellung zu oft einer L\u00fcge.<br>Die Nachl\u00e4ufer diese L\u00fcgen bei den \u00dcberl\u00e4ufern nicht hinterfragen,<br>denn verblendet braucht man ihnen die echte Wahrheit nicht sagen.<br><br><strong>\u00a9<\/strong> Rainer Dambroth &#8211; 07.01.2024 &#8211; <strong><a href=\"https:\/\/www.overline-poetry.de\/\">www.overline-poetry.de<\/a><\/strong><\/p>\n\n\n\n<p><\/p>\n","protected":false},"excerpt":{"rendered":"<p>Als Nachl\u00e4ufer man zu oft nur die \u201eArschl\u00f6cher\u201c der Vorl\u00e4ufer siehtund die Nachl\u00e4ufer erkennen oft nicht, was vor ihnen so geschieht.Der Rechtsextremismus sehr stark auf Hass und Hetze dann basiert,so dass meist der nicht \u201ehell leuchtende\u201c Nachl\u00e4ufer dabei verliert.Die Nachl\u00e4ufer ihren Fehler durch das Nachlaufen zu sp\u00e4t erkennen,\u00fcbernehmen die Vorl\u00e4ufer die Macht, sie dieses als [&hellip;]<\/p>\n","protected":false},"author":1,"featured_media":0,"parent":0,"menu_order":0,"comment_status":"closed","ping_status":"closed","template":"","meta":{"footnotes":""},"class_list":["post-113","page","type-page","status-publish","hentry"],"jetpack_sharing_enabled":true,"_links":{"self":[{"href":"https:\/\/overline-poetry.de\/index.php\/wp-json\/wp\/v2\/pages\/113","targetHints":{"allow":["GET"]}}],"collection":[{"href":"https:\/\/overline-poetry.de\/index.php\/wp-json\/wp\/v2\/pages"}],"about":[{"href":"https:\/\/overline-poetry.de\/index.php\/wp-json\/wp\/v2\/types\/page"}],"author":[{"embeddable":true,"href":"https:\/\/overline-poetry.de\/index.php\/wp-json\/wp\/v2\/users\/1"}],"replies":[{"embeddable":true,"href":"https:\/\/overline-poetry.de\/index.php\/wp-json\/wp\/v2\/comments?post=113"}],"version-history":[{"count":1,"href":"https:\/\/overline-poetry.de\/index.php\/wp-json\/wp\/v2\/pages\/113\/revisions"}],"predecessor-version":[{"id":114,"href":"https:\/\/overline-poetry.de\/index.php\/wp-json\/wp\/v2\/pages\/113\/revisions\/114"}],"wp:attachment":[{"href":"https:\/\/overline-poetry.de\/index.php\/wp-json\/wp\/v2\/media?parent=113"}],"curies":[{"name":"wp","href":"https:\/\/api.w.org\/{rel}","templated":true}]}}