
{"id":1139,"date":"2020-12-14T14:23:00","date_gmt":"2020-12-14T14:23:00","guid":{"rendered":"https:\/\/overline-poetry.de\/?page_id=1139"},"modified":"2025-09-09T14:30:59","modified_gmt":"2025-09-09T14:30:59","slug":"das-kurze-leben-einer-milchkuh","status":"publish","type":"page","link":"https:\/\/overline-poetry.de\/index.php\/das-kurze-leben-einer-milchkuh\/","title":{"rendered":"Das kurze Leben einer Milchkuh"},"content":{"rendered":"\n<p>Die Milch der Kuh, eigentlich f\u00fcr das kleine Kalb bestimmt,<br>wird geliefert von K\u00fchen, denen man die K\u00e4lber wegnimmt.<br>Man ist ausschlie\u00dflich nur an der Milch der Kuh interessiert<br>das neugeborene Kalb, als Ausschussprodukt, dabei verliert.<br><br>Die Kuh muss als Hochleistungskuh in ihrem kurzen Leben,<br>schnell und viel Milch f\u00fcr die Weiterverarbeitung uns geben.<br>Sie bekommt Zusatzfutter, dass ihr gibt die ben\u00f6tigte Kraft, <br>dass sie dauerhaft noch eine h\u00f6here Milchleistung schafft.<br><br>Die Milch war von der Natur geplant f\u00fcr das Kalb gedacht.<br>Der Mensch etwas anderes damit geplant und auch macht.<br>Um uns Menschen mit Milch, Butter und K\u00e4se zu ern\u00e4hren<br>die Kuh schaut hilflos zu, denn sie kann sich nicht wehren.<br><br>Die K\u00e4lber, als Ausschuss, bei diesem Prozess nur verlieren,<br>kein Landwirt wird in nicht verk\u00e4ufliche Tiere investieren.<br>Ist es ein Bullenkalb, dann droht ihm nur ein kurzes Leben,<br>denn Bullen k\u00f6nnen keine Milch, aber Fleisch uns geben.<br><br>Als Kuhkalb, auch das ist vorgesehen in ihrem Lebensplan,<br>tritt sie den Platz ihrer dann sehr ersch\u00f6pften Mutter an.<br>Aber ist das Kuhkalb nicht als als Milchkuh zu verwenden,<br>dann wird leider ihr junges Leben beim Schlachter enden.<br><br>Werden sie hier nicht verwertet, weil ein \u00dcberangebot,<br>kommen auch sie in den Export und erwartet sie der Tod.<br>Sie gehen auf die Reise meist ohne Trinken und Fressen,<br>sind sie erst aus den Augen, dann sind sie bald vergessen.<br><br>Die Jungkuh k\u00fcnstlich besamt, wird dann K\u00e4lber geb\u00e4ren<br>und deren Fleisch, das werden die Menschen verzehren.<br>Gibt sie zu wenig Milch oder wird zum sie Besamen zu alt,<br>dann wird sie aussortiert und kommt zum Schlachter bald.<br><br>Hat sie Pech, wird sie transportiert auf eine weite Reise fort,<br>denn Tiere, die hier \u00fcberz\u00e4hlig, gehen in den Lebendexport.<br>Was sie am Ziel erwartet, wenn sie es noch lebend erreicht,<br>jeden gef\u00fchlvollen Tierhalter bis tief in das Herz erweicht.<br><br>Der respektlose Umgang mit den Tieren sollte uns alarmieren,<br>denn so geht man nicht um, mit den dann leidenden Tieren.<br>Es geht nur noch ums Fleisch, nicht mehr um das lebende Tier<br>Tiere sind f\u00fchlende Lebewesen, genau wie Menschen, also wir. <br><br>Hier ist die Politik mit notwendigen Entscheidungen gefragt,<br>bei der starken Lobby, die Politik dieses Thema gerne vertagt.<br>Der Verbraucher hat es in der Hand, dieses Elend zu beenden<br>und weniger Milch, Butter und K\u00e4se als Nahrung verwenden.<br><br><strong>\u00a9<\/strong> Rainer Dambroth- 14.12.2020 &#8211; <strong><a href=\"https:\/\/www.overline-poetry.de\">www.overline-poetry.de<\/a><\/strong><br><br><strong>Anmerkung:<\/strong> <br>Laut einer Statistik aus dem Jahr 2020 gibt es rund 3,9 Millionen Milchk\u00fche in Deutschland. Das hei\u00dft, dass genau so viele K\u00e4lber geboren werden und vermarktet werden m\u00fcssen, n\u00e4mlich 3,9 Millionen K\u00e4lber.<br>Was tun?<br>\ud83d\udd17 <strong><a href=\"https:\/\/www.overline-design.de\/poetry\/?page_id=2513\"><strong><a href=\"https:\/\/overline-poetry.de\/wp-admin\/post.php?post=228&amp;action=edit\">Weniger Kuhmilch! = weniger Milchk\u00fche = weniger K\u00e4lber = weniger Lebendtierexporte!<\/a><\/strong><\/a><\/strong><\/p>\n","protected":false},"excerpt":{"rendered":"<p>Die Milch der Kuh, eigentlich f\u00fcr das kleine Kalb bestimmt,wird geliefert von K\u00fchen, denen man die K\u00e4lber wegnimmt.Man ist ausschlie\u00dflich nur an der Milch der Kuh interessiertdas neugeborene Kalb, als Ausschussprodukt, dabei verliert. Die Kuh muss als Hochleistungskuh in ihrem kurzen Leben,schnell und viel Milch f\u00fcr die Weiterverarbeitung uns geben.Sie bekommt Zusatzfutter, dass ihr gibt [&hellip;]<\/p>\n","protected":false},"author":1,"featured_media":0,"parent":0,"menu_order":0,"comment_status":"closed","ping_status":"closed","template":"","meta":{"footnotes":""},"class_list":["post-1139","page","type-page","status-publish","hentry"],"jetpack_sharing_enabled":true,"_links":{"self":[{"href":"https:\/\/overline-poetry.de\/index.php\/wp-json\/wp\/v2\/pages\/1139","targetHints":{"allow":["GET"]}}],"collection":[{"href":"https:\/\/overline-poetry.de\/index.php\/wp-json\/wp\/v2\/pages"}],"about":[{"href":"https:\/\/overline-poetry.de\/index.php\/wp-json\/wp\/v2\/types\/page"}],"author":[{"embeddable":true,"href":"https:\/\/overline-poetry.de\/index.php\/wp-json\/wp\/v2\/users\/1"}],"replies":[{"embeddable":true,"href":"https:\/\/overline-poetry.de\/index.php\/wp-json\/wp\/v2\/comments?post=1139"}],"version-history":[{"count":2,"href":"https:\/\/overline-poetry.de\/index.php\/wp-json\/wp\/v2\/pages\/1139\/revisions"}],"predecessor-version":[{"id":1144,"href":"https:\/\/overline-poetry.de\/index.php\/wp-json\/wp\/v2\/pages\/1139\/revisions\/1144"}],"wp:attachment":[{"href":"https:\/\/overline-poetry.de\/index.php\/wp-json\/wp\/v2\/media?parent=1139"}],"curies":[{"name":"wp","href":"https:\/\/api.w.org\/{rel}","templated":true}]}}