
{"id":1154,"date":"2025-05-18T14:28:00","date_gmt":"2025-05-18T14:28:00","guid":{"rendered":"https:\/\/overline-poetry.de\/?page_id=1154"},"modified":"2025-09-10T14:32:16","modified_gmt":"2025-09-10T14:32:16","slug":"united-states-of-europe-use-vereinigte-staaten-von-europa","status":"publish","type":"page","link":"https:\/\/overline-poetry.de\/index.php\/united-states-of-europe-use-vereinigte-staaten-von-europa\/","title":{"rendered":"United States of Europe \u2013 USE -Vereinigte Staaten von Europa"},"content":{"rendered":"\n<p><strong>Wir sollten uns als eine europ\u00e4ische Gemeinschaft zusammenf\u00fcgen<br>u<\/strong>nd nicht mit Aussagen: \u201e<strong>Europa<\/strong> ist nicht m\u00e4chtig genug\u201c, bel\u00fcgen!<br>Wir haben uns schon viel zu lange auf ein starkes <strong>Amerika<\/strong> verlassen.<br>Nicht geahnt, dass ein amerikanischer Pr\u00e4sident wird <strong>Europa<\/strong> hassen.<br><br>Die amerikanischen Waffensysteme nur noch mit Vorsicht einsetzbar,<br>denn wenn <strong>Donald Trump<\/strong> sich von <strong>Europa<\/strong> abwendet, wird doch klar,<br>dass die Waffensysteme nicht mehr durch <strong>Amerika<\/strong> gewartet werden<br>und wir allein auf uns gestellt, auf ein <strong>geeintes<\/strong> <strong>Europa<\/strong> hier auf Erden.<br><br>Wenn <strong>Donald Trump<\/strong> sich weiter von <strong>Europa<\/strong> und der <strong>Nato<\/strong> abwendet,<br>ist f\u00fcr uns der Einsatz von amerikanischen Waffensystemen beendet.<br><strong>Vereinigte Staaten Europa<\/strong> sollten eigenst\u00e4ndig und vereint agieren,<br>wenn Trump sich abwendet, wird ein zerstrittenes <strong>Europa<\/strong> verlieren!<br><br><strong>Europa<\/strong> sollte sich mit einer eigenen Waffenproduktion anstrengen<br>und sich nicht nur der Technologie <strong>Amerikas<\/strong> und <strong>China<\/strong> anh\u00e4ngen.<br>Wenn <strong>Amerika<\/strong> f\u00fcr uns technische Komponenten wird produzieren,<br>werden wir bei einem Embargo mit unserer Produktion nur verlieren.<br><br><strong>Europa<\/strong> hat es in den vergangenen Jahrzehnten noch nicht geschafft,<br>Betriebssysteme, wie Windows, zu entwickeln mit europ\u00e4ischer Kraft.<br>So werden weiter Systeme aus <strong>Amerika<\/strong> auf dem Markt dominieren<br>und bei einem Wirtschaftsembargo wird <strong>Europa<\/strong> dabei nur verlieren.<br><br>Der <strong>Nationalismus<\/strong> wie eine \u201eKrankheit\u201c \u00fcberall in <strong>Europa<\/strong> grassiert,<br>denn hier wird populistisch versprochen, was \u201edas Volk\u201c interessiert.<br>Der <strong>Nationalismus<\/strong> macht sich leider zu stark in ganz Europa &#8222;breit&#8220;,<br>und dem konsequent entgegenzutreten, daf\u00fcr wird es endlich Zeit. <br><br>Die <strong>Nationalisten<\/strong> kommen mit sich verbindenen V\u00f6lkern nicht klar,<br>sie wollen die Zeit zur\u00fcck, wie es zu &#8222;K\u00f6nigs- und Kaiserszeiten&#8220; war.<br>Um ihre leeren Versprechen bei einer Regierungsmacht zu erf\u00fcllen,<br>werden sie dieses wieder \u00fcber eine v\u00f6lkische S\u00e4uberung enth\u00fcllen.<br><strong><br>\u00a9 Rainer Dambroth \u2013 18.05.2025 \u2013 <a href=\"http:\/\/www.overline-poetry.de\/\">www.overline-poetry.de<\/a><\/strong><\/p>\n","protected":false},"excerpt":{"rendered":"<p>Wir sollten uns als eine europ\u00e4ische Gemeinschaft zusammenf\u00fcgenund nicht mit Aussagen: \u201eEuropa ist nicht m\u00e4chtig genug\u201c, bel\u00fcgen!Wir haben uns schon viel zu lange auf ein starkes Amerika verlassen.Nicht geahnt, dass ein amerikanischer Pr\u00e4sident wird Europa hassen. Die amerikanischen Waffensysteme nur noch mit Vorsicht einsetzbar,denn wenn Donald Trump sich von Europa abwendet, wird doch klar,dass die [&hellip;]<\/p>\n","protected":false},"author":1,"featured_media":0,"parent":0,"menu_order":0,"comment_status":"closed","ping_status":"closed","template":"","meta":{"footnotes":""},"class_list":["post-1154","page","type-page","status-publish","hentry"],"jetpack_sharing_enabled":true,"_links":{"self":[{"href":"https:\/\/overline-poetry.de\/index.php\/wp-json\/wp\/v2\/pages\/1154","targetHints":{"allow":["GET"]}}],"collection":[{"href":"https:\/\/overline-poetry.de\/index.php\/wp-json\/wp\/v2\/pages"}],"about":[{"href":"https:\/\/overline-poetry.de\/index.php\/wp-json\/wp\/v2\/types\/page"}],"author":[{"embeddable":true,"href":"https:\/\/overline-poetry.de\/index.php\/wp-json\/wp\/v2\/users\/1"}],"replies":[{"embeddable":true,"href":"https:\/\/overline-poetry.de\/index.php\/wp-json\/wp\/v2\/comments?post=1154"}],"version-history":[{"count":1,"href":"https:\/\/overline-poetry.de\/index.php\/wp-json\/wp\/v2\/pages\/1154\/revisions"}],"predecessor-version":[{"id":1158,"href":"https:\/\/overline-poetry.de\/index.php\/wp-json\/wp\/v2\/pages\/1154\/revisions\/1158"}],"wp:attachment":[{"href":"https:\/\/overline-poetry.de\/index.php\/wp-json\/wp\/v2\/media?parent=1154"}],"curies":[{"name":"wp","href":"https:\/\/api.w.org\/{rel}","templated":true}]}}