
{"id":1208,"date":"2024-02-18T07:08:00","date_gmt":"2024-02-18T07:08:00","guid":{"rendered":"https:\/\/overline-poetry.de\/?page_id=1208"},"modified":"2025-09-11T07:13:46","modified_gmt":"2025-09-11T07:13:46","slug":"der-konsum-von-cannabis-endlich-straffrei","status":"publish","type":"page","link":"https:\/\/overline-poetry.de\/index.php\/der-konsum-von-cannabis-endlich-straffrei\/","title":{"rendered":"Der Konsum von Cannabis endlich straffrei?!"},"content":{"rendered":"\n<p>Der Markus S\u00f6der will sich der Freigabe von Cannabis widersetzen,<br>aber er sollte seine politischen M\u00e4chte nicht zu sehr \u00fcbersch\u00e4tzen.<br>Es sollte doch endlich jemand mal dem Bayernf\u00fcrsten S\u00f6der sagen,<br>das so manches, bei seiner Politik, ist nur \u201eberauscht\u201c zu ertragen.<br><br>Man kann es bei den \u201eBierzeltattacken\u201c von Markus S\u00f6der erleben,<br>dass mancher kann seine Ma\u00df nur mit verkl\u00e4rtem Blick noch heben.<br>Ob mit Cannabis oder Bier, gebraut nach deutschen Reinheitsgebot.<br>Man macht es illegal, mit einem \u00fcbertriebenen gesetzlichen Verbot.<br><br>Es geht nicht darum, dem Konsum \u201eHof und Tor aufzuschlie\u00dfen\u201c,<br>sondern die Kontrolle dar\u00fcber, was die Konsumenten so \u201egenie\u00dfen\u201c.<br>Wie beim bayrischen Bier die Reinheit der Produkte zu garantieren,<br>sonst werden bei sch\u00e4dlichen Beigaben die Konsumenten verlieren.<br><br>Es wird auch zur Zeit illegal Cannabis beschafft oder konsumiert<br>und woher Cannabis kommt, die Politik zur Zeit nicht interessiert.<br>Ich m\u00f6chte hier doch mit dem Markus S\u00f6der eine Wette eingehen,<br>wenn der Konsum straffrei, wird man so manchen Joint mehr sehen<br><br>Zur Zeit die \u201eCannabisraucher\u201c ihren Joint im \u201eStillen\u201c konsumieren,<br>bei zu offenen Umgang werden sie mit der Staatsmacht kollidieren.<br>Ich wei\u00df, dass der \u00fcberm\u00e4\u00dfige Konsum auch Gefahren in sich tr\u00e4gt,<br>wenn man zu fr\u00fch und in gro\u00dfen Mengen \u201e\u00fcber die Str\u00e4nge schl\u00e4gt\u201c.<br><br>Ich konsumiere nicht, um meine Sch\u00fctzenhilfe nicht falsch zu sehen,<br>aber ich kann dieses z\u00f6gerliche politische Handeln nicht verstehen.<br>Au\u00dferdem wenn Cannabis wird legal verkauft und nicht zu teuer,<br>verdient der Staat, wie beim Bier, sein Geld bei der Mehrwertsteuer.<br><br><strong>\u00a9 Rainer Dambroth &#8211; 25.02.2024 &#8211; <a href=\"https:\/\/www.overline-poetry.de\/\"><strong>www.overline-poetry.de<\/strong><\/a><\/strong><br><br><strong><a href=\"https:\/\/overline-poetry.de\/wp-admin\/post.php?post=1206&amp;action=edit\">Cannabis entkriminalisieren!<\/a><\/strong><br><br><strong>Alkohol und Cannabis gleichsetzen<\/strong>!<br><span style=\"text-decoration: underline;\">Auch Hopfen ist eine Pflanzengattung innerhalb der Familie der Hanfgew\u00e4chse<\/span><br><\/p>\n","protected":false},"excerpt":{"rendered":"<p>Der Markus S\u00f6der will sich der Freigabe von Cannabis widersetzen,aber er sollte seine politischen M\u00e4chte nicht zu sehr \u00fcbersch\u00e4tzen.Es sollte doch endlich jemand mal dem Bayernf\u00fcrsten S\u00f6der sagen,das so manches, bei seiner Politik, ist nur \u201eberauscht\u201c zu ertragen. Man kann es bei den \u201eBierzeltattacken\u201c von Markus S\u00f6der erleben,dass mancher kann seine Ma\u00df nur mit verkl\u00e4rtem [&hellip;]<\/p>\n","protected":false},"author":1,"featured_media":0,"parent":0,"menu_order":0,"comment_status":"closed","ping_status":"closed","template":"","meta":{"footnotes":""},"class_list":["post-1208","page","type-page","status-publish","hentry"],"jetpack_sharing_enabled":true,"_links":{"self":[{"href":"https:\/\/overline-poetry.de\/index.php\/wp-json\/wp\/v2\/pages\/1208","targetHints":{"allow":["GET"]}}],"collection":[{"href":"https:\/\/overline-poetry.de\/index.php\/wp-json\/wp\/v2\/pages"}],"about":[{"href":"https:\/\/overline-poetry.de\/index.php\/wp-json\/wp\/v2\/types\/page"}],"author":[{"embeddable":true,"href":"https:\/\/overline-poetry.de\/index.php\/wp-json\/wp\/v2\/users\/1"}],"replies":[{"embeddable":true,"href":"https:\/\/overline-poetry.de\/index.php\/wp-json\/wp\/v2\/comments?post=1208"}],"version-history":[{"count":3,"href":"https:\/\/overline-poetry.de\/index.php\/wp-json\/wp\/v2\/pages\/1208\/revisions"}],"predecessor-version":[{"id":1214,"href":"https:\/\/overline-poetry.de\/index.php\/wp-json\/wp\/v2\/pages\/1208\/revisions\/1214"}],"wp:attachment":[{"href":"https:\/\/overline-poetry.de\/index.php\/wp-json\/wp\/v2\/media?parent=1208"}],"curies":[{"name":"wp","href":"https:\/\/api.w.org\/{rel}","templated":true}]}}