
{"id":1368,"date":"2018-11-19T09:45:00","date_gmt":"2018-11-19T09:45:00","guid":{"rendered":"https:\/\/overline-poetry.de\/?page_id=1368"},"modified":"2025-09-14T09:47:27","modified_gmt":"2025-09-14T09:47:27","slug":"die-jaeger-jagen-durch-flur-und-wald","status":"publish","type":"page","link":"https:\/\/overline-poetry.de\/index.php\/die-jaeger-jagen-durch-flur-und-wald\/","title":{"rendered":"Die J\u00e4ger jagen durch Flur und Wald"},"content":{"rendered":"\n<p>Wenn in Stille der Natur die &#8222;B\u00fcchse&#8220; knallt,<br>dann jagen die J\u00e4ger durch Flur und Wald.<br>Wird das Wild aus Flur und Wald \u201egedr\u00fcckt\u201c,<br>dann wird doch das Wild vor Angst verr\u00fcckt.<br><br>Ich bin stets froh, wenn ich keinen J\u00e4ger sehe,<br>weil ich doch deren Sprache gar nicht verstehe.<br>Wenn die J\u00e4ger sprechen, ist f\u00fcr mich ein Graus,<br>ich kenne mich in deren Vokabular nicht aus.<br><br>\u201eAufgebaumt\u201c erwartet er das Wild zum Schuss,<br>weil er als ein richtiger J\u00e4ger immer t\u00f6ten muss.<br>Er sieht sich selbst gerne im Revier als \u201eHeger\u201c,<br>aber im Herzen Innern bleibt er doch ein J\u00e4ger.<br><br>Sieht der J\u00e4ger die \u201eBlume\u201c, kommt Freude auf,<br>denn dann l\u00e4uft ein Reh vor dem B\u00fcchsenlauf.<br>Geht der J\u00e4ger durch Flur und Wald auf Pirsch,<br>wird zum Opfer: Fasan, Hase, Reh oder Hirsch.<br><br>Redet der J\u00e4ger beim Jagdwild vom \u201eSchwei\u00df\u201c<br>dann kommt das nicht vom seinem Arbeitsflei\u00df.<br>Dann das ist Blut vom den Wild, was geflossen,<br>wenn er mit der &#8222;B\u00fcchse&#8220; ein Tier erschossen.<br><br>Der Fuchs, als Beutekonkurrent, ist sein Feind,<br>den er gnadenlos bejagt, nicht gut mit ihm meint.<br>Warum dieser Hass, dass l\u00e4sst sich nicht erkl\u00e4ren,<br>rede ich mit J\u00e4gern, wollen sie mich nur belehren.<br><br>Fr\u00fcher Tollwut, mit der die J\u00e4ger argumentieren,<br>aber heute mit der Begr\u00fcndung sie nur verlieren.<br>Die Lust am T\u00f6ten ist wohl eher der wahre Grund,<br>oder \u201eSchliefenanlage\u201c-Opfer f\u00fcr seinen Jagdhund.<br><br>Der Fuchs sich von Aas, M\u00e4use und Ratten ern\u00e4hrt,<br>aber auch mal ein fangbares Beutewild er begehrt.<br>Kein J\u00e4ger l\u00e4sst gerne mitessen von seinem Teller,<br>wenn mal der Fuchs war vor dem J\u00e4ger schneller.<br><br>\u00a9 Rainer Dambroth &#8211; 19.11.2018 &#8211; <strong><a href=\"https:\/\/www.overline-poetry.de\/\">www.overline-poetry.de<\/a><\/strong><br><br>Aufgebaumt = Hochsitz<br>Beute = Jagdergebnis<br>Blume = Schwanz von, Reh, Hase oder Kaninchen<br>B\u00fcchse = Jagdgewehr<br>Dr\u00fcckjagd = Das Wild wird mit Treibern aus der Deckung gedr\u00fcckt <br>Schliefenanlage = k\u00fcnstlicher Fuchsbau zum Abrichten von Jagdhunden<\/p>\n","protected":false},"excerpt":{"rendered":"<p>Wenn in Stille der Natur die &#8222;B\u00fcchse&#8220; knallt,dann jagen die J\u00e4ger durch Flur und Wald.Wird das Wild aus Flur und Wald \u201egedr\u00fcckt\u201c,dann wird doch das Wild vor Angst verr\u00fcckt. Ich bin stets froh, wenn ich keinen J\u00e4ger sehe,weil ich doch deren Sprache gar nicht verstehe.Wenn die J\u00e4ger sprechen, ist f\u00fcr mich ein Graus,ich kenne mich [&hellip;]<\/p>\n","protected":false},"author":1,"featured_media":0,"parent":0,"menu_order":0,"comment_status":"closed","ping_status":"closed","template":"","meta":{"footnotes":""},"class_list":["post-1368","page","type-page","status-publish","hentry"],"jetpack_sharing_enabled":true,"_links":{"self":[{"href":"https:\/\/overline-poetry.de\/index.php\/wp-json\/wp\/v2\/pages\/1368","targetHints":{"allow":["GET"]}}],"collection":[{"href":"https:\/\/overline-poetry.de\/index.php\/wp-json\/wp\/v2\/pages"}],"about":[{"href":"https:\/\/overline-poetry.de\/index.php\/wp-json\/wp\/v2\/types\/page"}],"author":[{"embeddable":true,"href":"https:\/\/overline-poetry.de\/index.php\/wp-json\/wp\/v2\/users\/1"}],"replies":[{"embeddable":true,"href":"https:\/\/overline-poetry.de\/index.php\/wp-json\/wp\/v2\/comments?post=1368"}],"version-history":[{"count":1,"href":"https:\/\/overline-poetry.de\/index.php\/wp-json\/wp\/v2\/pages\/1368\/revisions"}],"predecessor-version":[{"id":1372,"href":"https:\/\/overline-poetry.de\/index.php\/wp-json\/wp\/v2\/pages\/1368\/revisions\/1372"}],"wp:attachment":[{"href":"https:\/\/overline-poetry.de\/index.php\/wp-json\/wp\/v2\/media?parent=1368"}],"curies":[{"name":"wp","href":"https:\/\/api.w.org\/{rel}","templated":true}]}}