
{"id":1467,"date":"2024-06-27T17:17:00","date_gmt":"2024-06-27T17:17:00","guid":{"rendered":"https:\/\/overline-poetry.de\/?page_id=1467"},"modified":"2025-09-15T17:19:42","modified_gmt":"2025-09-15T17:19:42","slug":"hurensohn-son-of-a-bitch","status":"publish","type":"page","link":"https:\/\/overline-poetry.de\/index.php\/hurensohn-son-of-a-bitch\/","title":{"rendered":"Hurensohn \u2013 son of a bitch"},"content":{"rendered":"\n<p>\u201eDu Hurensohn\u201c, so die Kinder ihre Gegner oder \u201eFeinde\u201c titulieren,<br>aber die Bedeutung der Beleidigung wohl nicht richtig interpretieren.<br>Meistens sind sich Kinder \u00fcber die wahre Bedeutung nicht im Klaren,<br>denn sie beleidigen nicht direkt die Gegner und das birgt Gefahren.<br>Der Sohn einer Hure, wo der Vater nicht namentlich wurde bekannt,<br>oder beleidigt direkt die Mutter, die damit als Prostituierte benannt.<br><br>Eine Schulassistentin beim H\u00f6ren eines Schimpfwortes \u00fcberreagiert,<br>obwohl dieses Mitgeh\u00f6rte wurde doch nicht direkt an sie adressiert.<br>In diesem Fall gleich die Schulleitung und die Eltern einzubinden,<br>statt gemeinsam mit dem \u201eaussagenden\u201c Kind die L\u00f6sung zu finden. <br>Reagieren mit einer Abmahnung und einem m\u00f6glichen Schulverweis,<br>ist eine Reaktion der Hilflosigkeit, wenn man nicht mehr weiterwei\u00df.<br><br>Besser, sich nicht an jedem Wort aus einem \u201eKindermund\u201c zu st\u00f6ren<br>und nicht direkt an die eigene Person adressierte Worte \u00fcberh\u00f6ren.<br>Das \u201eaussagende\u201c Kind in einem \u201eVieraugengespr\u00e4ch\u201c aufzukl\u00e4ren<br>und mit der wahren Bedeutung dieses \u201eSchimpfwortes\u201c zu belehren.<br>Konfliktmanagement bei Schulassistenten ist deren Aufgabengebiet<br>und besser w\u00e4re, man bekommt \u201ediese Konflikte\u201c erst gar nicht mit!<br><br><strong>\u00a9<\/strong> Rainer Dambroth \u2013 27.06.2024 \u2013 <strong><a href=\"http:\/\/www.overline-poetry.de\">www.overline-poetry.de<\/a><\/strong><br><br><em><strong>Hurensohn<\/strong> gilt traditionell als eine besonders schwerwiegende Beleidigung, da sie sich nicht nur gegen den Beleidigten selbst, sondern auch gegen die Familienehre, speziell die Ehre der Mutter, richtet.<br>In der Jugendsprache wird die Bezeichnung seit den 1990er Jahren in der Regel unabh\u00e4ngig vom famili\u00e4ren Hintergrund verwendet. Es kann sich situationsabh\u00e4ngig um eine Provokation bis hin zu einer schweren Anfeindung handeln, allerdings wird es auch oftmals sarkastisch verwendet. Abgek\u00fcrzt wird sie als Huso. Entsprechende Beleidigungen sind auch in anderen Sprachen gel\u00e4ufig, z.B.: engl. son of a bitch (abgek\u00fcrzt SOB).<br><\/em><strong><em>Wikipedia<\/em><\/strong><\/p>\n","protected":false},"excerpt":{"rendered":"<p>\u201eDu Hurensohn\u201c, so die Kinder ihre Gegner oder \u201eFeinde\u201c titulieren,aber die Bedeutung der Beleidigung wohl nicht richtig interpretieren.Meistens sind sich Kinder \u00fcber die wahre Bedeutung nicht im Klaren,denn sie beleidigen nicht direkt die Gegner und das birgt Gefahren.Der Sohn einer Hure, wo der Vater nicht namentlich wurde bekannt,oder beleidigt direkt die Mutter, die damit als [&hellip;]<\/p>\n","protected":false},"author":1,"featured_media":0,"parent":0,"menu_order":0,"comment_status":"closed","ping_status":"closed","template":"","meta":{"footnotes":""},"class_list":["post-1467","page","type-page","status-publish","hentry"],"jetpack_sharing_enabled":true,"_links":{"self":[{"href":"https:\/\/overline-poetry.de\/index.php\/wp-json\/wp\/v2\/pages\/1467","targetHints":{"allow":["GET"]}}],"collection":[{"href":"https:\/\/overline-poetry.de\/index.php\/wp-json\/wp\/v2\/pages"}],"about":[{"href":"https:\/\/overline-poetry.de\/index.php\/wp-json\/wp\/v2\/types\/page"}],"author":[{"embeddable":true,"href":"https:\/\/overline-poetry.de\/index.php\/wp-json\/wp\/v2\/users\/1"}],"replies":[{"embeddable":true,"href":"https:\/\/overline-poetry.de\/index.php\/wp-json\/wp\/v2\/comments?post=1467"}],"version-history":[{"count":1,"href":"https:\/\/overline-poetry.de\/index.php\/wp-json\/wp\/v2\/pages\/1467\/revisions"}],"predecessor-version":[{"id":1471,"href":"https:\/\/overline-poetry.de\/index.php\/wp-json\/wp\/v2\/pages\/1467\/revisions\/1471"}],"wp:attachment":[{"href":"https:\/\/overline-poetry.de\/index.php\/wp-json\/wp\/v2\/media?parent=1467"}],"curies":[{"name":"wp","href":"https:\/\/api.w.org\/{rel}","templated":true}]}}