
{"id":1497,"date":"2023-04-02T08:14:00","date_gmt":"2023-04-02T08:14:00","guid":{"rendered":"https:\/\/overline-poetry.de\/?page_id=1497"},"modified":"2025-09-16T08:17:06","modified_gmt":"2025-09-16T08:17:06","slug":"42-tage-bis-zur-hinrichtung-folter-und-quaelerei-in-der-gefluegelmassenhaltung","status":"publish","type":"page","link":"https:\/\/overline-poetry.de\/index.php\/42-tage-bis-zur-hinrichtung-folter-und-quaelerei-in-der-gefluegelmassenhaltung\/","title":{"rendered":"42 Tage bis zur \u201eHinrichtung\u201c &#8211; Folter und Qu\u00e4lerei in der Gefl\u00fcgelmassenhaltung"},"content":{"rendered":"\n<p>Auch in der Gefl\u00fcgelhaltung werden die Tiere in Massen \u201egequ\u00e4lt\u201c,<br>nur f\u00fcr den Gewinn, der f\u00fcr die Gefl\u00fcgelfabrikanten hierbei z\u00e4hlt.<br>Hier geht es nur um Massenproduktion, ohne R\u00fccksicht auf Leben,<br>aber \u201eweniger ist mehr\u201c, k\u00f6nnte ein besseres Gewissen uns geben.<br><br>Im \u201eH\u00e4hnchenmaststall\u201c in denen tausende Tiere dahin vegetieren,<br>wenn sie die Tortur \u00fcberstehen, nach 42 Tagen ihr Leben verlieren.<br>Beim Einfangen und Verladen so mancher Gefl\u00fcgelknochen bricht,<br>aber da sie sowieso in K\u00fcrze sterben, darum interessiert das nicht.<br><br>Schon rotieren die Gefl\u00fcgelminiaturen sichtbar auf dem Imbissgrill,<br>f\u00fcr den schnellen Esser, der eine Gefl\u00fcgelminiatur billig essen will.<br>In Fastfood Restaurants werden Gefl\u00fcgelteile in Varianten offeriert<br>und weil es lecker angerichtet, die Produktionsart nicht interessiert.<br><br>Die H\u00e4hnchenbrust werden bei den \u201eMiniaturen\u201c herausgeschnitten,<br>wof\u00fcr sie dann in ihrem kurzen Leben haupts\u00e4chlich haben gelitten.<br>Das Restfleisch wird in Separatoren von den Knochen abgetrennt<br>und das ist dann die Basis f\u00fcr Gefl\u00fcgelwurst, wie ihr sie so kennt.<br><br>Ein Eiergro\u00dffabrikant als \u201eH\u00fchnerbaron\u201c in Niedersachsen bekannt,<br>aufgrund seiner tierqu\u00e4lerischen Tierhaltung, wurde er so benannt.<br>In den Legebatterien, wo die Legeh\u00fchner eng zusammengedr\u00e4ngt,<br>da wurde einfach ein weiteres Huhn in den \u201eK\u00e4fig\u201c hineingezw\u00e4ngt.<br><br>So hatte der \u201eH\u00fchnerbaron\u201c f\u00fcr sich zus\u00e4tzlichen Gewinn gemacht<br>und als es herauskam, hat er \u00fcber die zu milde Strafe nur gelacht.<br>Der \u201eH\u00fchnerbaron\u201c bekam Berufsverbot, aber ihn nicht interessiert,<br>denn er ist in die USA umgezogen, wo er dieses weiter praktiziert.<br><br>In der Stopfmast werden die G\u00e4nse einzeln in enge K\u00e4fige gesetzt,<br>weil doch die Erzeugung von \u201eG\u00e4nsestopfleber\u201c wird wertgesch\u00e4tzt.<br>\u00dcber einen Schlauch oder Rohr wird die Gans dann \u201ezwangsern\u00e4hrt\u201c,<br>weil durch den K\u00e4fig fixiert, sie sich vergeblich dann dagegen wehrt.<br><br>Auch andere Gefl\u00fcgelarten werden industriell in Massen produziert<br>und doch klar, das die Haltung nicht auf der gr\u00fcnen Wiese passiert.<br>Firmennamen und Bilder, die eine tiergerechte Haltung suggerieren,<br>sind reine Illusionen, aber es sind doch nur Tiere, die dabei verlieren!<br><br><strong>\u00a9<\/strong> Rainer Dambroth &#8211; 02.04.2023 &#8211; <strong><a href=\"http:\/\/www.overline-poetry.de\/\">www.overline-poetry.de<\/a><\/strong><br><br><strong>\ud83d\udd17<\/strong> <a href=\"https:\/\/de.wikipedia.org\/wiki\/Anton_Pohlmann_(Unternehmer)\" data-type=\"URL\" data-id=\"https:\/\/de.wikipedia.org\/wiki\/Anton_Pohlmann_(Unternehmer)\"><strong>Wikipedia: H\u00fchnerbaron Anton Pohlmann<\/strong> <\/a><\/p>\n","protected":false},"excerpt":{"rendered":"<p>Auch in der Gefl\u00fcgelhaltung werden die Tiere in Massen \u201egequ\u00e4lt\u201c,nur f\u00fcr den Gewinn, der f\u00fcr die Gefl\u00fcgelfabrikanten hierbei z\u00e4hlt.Hier geht es nur um Massenproduktion, ohne R\u00fccksicht auf Leben,aber \u201eweniger ist mehr\u201c, k\u00f6nnte ein besseres Gewissen uns geben. Im \u201eH\u00e4hnchenmaststall\u201c in denen tausende Tiere dahin vegetieren,wenn sie die Tortur \u00fcberstehen, nach 42 Tagen ihr Leben verlieren.Beim [&hellip;]<\/p>\n","protected":false},"author":1,"featured_media":0,"parent":0,"menu_order":0,"comment_status":"closed","ping_status":"closed","template":"","meta":{"footnotes":""},"class_list":["post-1497","page","type-page","status-publish","hentry"],"jetpack_sharing_enabled":true,"_links":{"self":[{"href":"https:\/\/overline-poetry.de\/index.php\/wp-json\/wp\/v2\/pages\/1497","targetHints":{"allow":["GET"]}}],"collection":[{"href":"https:\/\/overline-poetry.de\/index.php\/wp-json\/wp\/v2\/pages"}],"about":[{"href":"https:\/\/overline-poetry.de\/index.php\/wp-json\/wp\/v2\/types\/page"}],"author":[{"embeddable":true,"href":"https:\/\/overline-poetry.de\/index.php\/wp-json\/wp\/v2\/users\/1"}],"replies":[{"embeddable":true,"href":"https:\/\/overline-poetry.de\/index.php\/wp-json\/wp\/v2\/comments?post=1497"}],"version-history":[{"count":1,"href":"https:\/\/overline-poetry.de\/index.php\/wp-json\/wp\/v2\/pages\/1497\/revisions"}],"predecessor-version":[{"id":1501,"href":"https:\/\/overline-poetry.de\/index.php\/wp-json\/wp\/v2\/pages\/1497\/revisions\/1501"}],"wp:attachment":[{"href":"https:\/\/overline-poetry.de\/index.php\/wp-json\/wp\/v2\/media?parent=1497"}],"curies":[{"name":"wp","href":"https:\/\/api.w.org\/{rel}","templated":true}]}}