
{"id":1546,"date":"2021-04-15T15:32:00","date_gmt":"2021-04-15T15:32:00","guid":{"rendered":"https:\/\/overline-poetry.de\/?page_id=1546"},"modified":"2025-09-16T15:43:38","modified_gmt":"2025-09-16T15:43:38","slug":"apfelsaft-rein-geklaert-mit-gelatine-vom-schwein-muss-das-sein","status":"publish","type":"page","link":"https:\/\/overline-poetry.de\/index.php\/apfelsaft-rein-geklaert-mit-gelatine-vom-schwein-muss-das-sein\/","title":{"rendered":"Apfelsaft rein, gekl\u00e4rt mit Gelatine vom Schwein, mu\u00df das sein?"},"content":{"rendered":"\n<p>Viele Fruchts\u00e4fte werden immer noch mit tierischer Gelatine gekl\u00e4rt,<br>dieses der Verbraucher nicht als Hinweis auf der Verpackung erf\u00e4hrt.<br>Gelatine wird aus Fisch, Schweineschwarten und Knochen hergestellt.<br>Diese Art der Kl\u00e4rung den Veganern und den Vegetariern nicht gef\u00e4llt.<br><br>Wenn dieses als Hilfsmittel verwendet bei einem Produktionsschritt,<br>muss dies nicht deklariert werden und man bekommt es so nicht mit.<br>Als Zutat im Saft enthalten, dann muss es auf der Verpackung stehen<br>und ist es f\u00fcr die Veganer sofort beim Einkauf der S\u00e4fte zu ersehen.<br><br>Auch als Vegetarier werde ich diese Fruchts\u00e4fte so nicht akzeptieren,<br>denn hier lebe ich mit der Einstellung, dass Tiere dabei nicht verlieren.<br>Beim Kauf von Fruchtsaft der K\u00e4ufer auf der Verpackung schon erf\u00e4hrt,<br>ob der Fruchtsaft vegan und ohne Gelatine von Tieren wurde gekl\u00e4rt.<br><br>Wenn ich aus ethischen Gr\u00fcnden werde keine Tierprodukte verzehren,<br>werde ich mich gegen diese Methode der Fruchtsaftkl\u00e4rung wehren.<br>Wenn ich aus religi\u00f6sen Gr\u00fcnden kein Schweinefleisch werde essen,<br>dann kann man Gelatine aus Schweineschwarte f\u00fcr mich vergessen. <br><br>Wenn beteuert wird, die verwendete Gelatine sei sauber und rein,<br>geh\u00f6rt Gelantine von Tieren in einem Naturfruchtsaft nicht hinein.<br>Allein der Gedanke, dass man f\u00fcr die Kl\u00e4rung Gelatine verwendet,<br>f\u00fcr die Herstellung der Gelatine hat ein Tier sein Leben beeendet.<br><br>Auch die Gummib\u00e4rchen werden mit tierischer Gelatine produziert,<br>macht zwar Kinder und Erwachsene froh, aber das Tier dabei verliert. <br>Auch Halal-Gummib\u00e4rchen, mit Gelatine von gesch\u00e4chteten Tieren,<br>alleine bei diesen &#8222;Kopfbildern&#8220; wird der Genuss dabei nur verlieren.<br><br><strong>\u00a9<\/strong> Rainer Dambroth &#8211; 15.04.2021 &#8211; <strong><a href=\"https:\/\/www.overline-poetry.de\">www.overline-poetry.de<\/a><\/strong><br><br>Information:<br>2019 wurden weltweit 621.000 Tonnen Gelatine verkauft.<br>Etwa 80% der in Europa verwendeten Speisegelatine wird aus Schweineschwarten hergestellt. 15% aus Rinderspalt und 5% aus Schweine- und Rinderknochen sowie Fisch.<br><a href=\"https:\/\/www.google.com\/search?q=wikipedia+gelatine&amp;client=firefox-b-d&amp;ei=D8l5YP9S74H27w_2rrzoAw&amp;oq=wikipedia+gelantine&amp;gs_lcp=Cgdnd3Mtd2l6EAEYADIECAAQDTIICAAQCBANEB4yCAgAEAgQDRAeMggIABAIEA0QHjIICAAQCBANEB4yCAgAEAgQDRAeMggIABAIEA0QHjIICAAQCBANEB4yCAgAEAgQDRAeOgcIABBHELADOgcIABCwAxBDOgUIABCxAzoCCAA6CAgAELEDEIMBOgYIABAWEB46CAgAEBYQChAeUNVOWMdvYLaOAWgBcAJ4AIABmQSIAYAPkgEIMC4xMC41LTGYAQCgAQGqAQdnd3Mtd2l6yAEKwAEB&amp;sclient=gws-wiz\" data-type=\"URL\" data-id=\"https:\/\/www.google.com\/search?q=wikipedia+gelatine&amp;client=firefox-b-d&amp;ei=D8l5YP9S74H27w_2rrzoAw&amp;oq=wikipedia+gelantine&amp;gs_lcp=Cgdnd3Mtd2l6EAEYADIECAAQDTIICAAQCBANEB4yCAgAEAgQDRAeMggIABAIEA0QHjIICAAQCBANEB4yCAgAEAgQDRAeMggIABAIEA0QHjIICAAQCBANEB4yCAgAEAgQDRAeOgcIABBHELADOgcIABCwAxBDOgUIABCxAzoCCAA6CAgAELEDEIMBOgYIABAWEB46CAgAEBYQChAeUNVOWMdvYLaOAWgBcAJ4AIABmQSIAYAPkgEIMC4xMC41LTGYAQCgAQGqAQdnd3Mtd2l6yAEKwAEB&amp;sclient=gws-wiz\"><strong>Wikipedia<\/strong><\/a><\/p>\n\n\n\n<p><\/p>\n","protected":false},"excerpt":{"rendered":"<p>Viele Fruchts\u00e4fte werden immer noch mit tierischer Gelatine gekl\u00e4rt,dieses der Verbraucher nicht als Hinweis auf der Verpackung erf\u00e4hrt.Gelatine wird aus Fisch, Schweineschwarten und Knochen hergestellt.Diese Art der Kl\u00e4rung den Veganern und den Vegetariern nicht gef\u00e4llt. Wenn dieses als Hilfsmittel verwendet bei einem Produktionsschritt,muss dies nicht deklariert werden und man bekommt es so nicht mit.Als Zutat [&hellip;]<\/p>\n","protected":false},"author":1,"featured_media":0,"parent":0,"menu_order":0,"comment_status":"closed","ping_status":"closed","template":"","meta":{"footnotes":""},"class_list":["post-1546","page","type-page","status-publish","hentry"],"jetpack_sharing_enabled":true,"_links":{"self":[{"href":"https:\/\/overline-poetry.de\/index.php\/wp-json\/wp\/v2\/pages\/1546","targetHints":{"allow":["GET"]}}],"collection":[{"href":"https:\/\/overline-poetry.de\/index.php\/wp-json\/wp\/v2\/pages"}],"about":[{"href":"https:\/\/overline-poetry.de\/index.php\/wp-json\/wp\/v2\/types\/page"}],"author":[{"embeddable":true,"href":"https:\/\/overline-poetry.de\/index.php\/wp-json\/wp\/v2\/users\/1"}],"replies":[{"embeddable":true,"href":"https:\/\/overline-poetry.de\/index.php\/wp-json\/wp\/v2\/comments?post=1546"}],"version-history":[{"count":2,"href":"https:\/\/overline-poetry.de\/index.php\/wp-json\/wp\/v2\/pages\/1546\/revisions"}],"predecessor-version":[{"id":1551,"href":"https:\/\/overline-poetry.de\/index.php\/wp-json\/wp\/v2\/pages\/1546\/revisions\/1551"}],"wp:attachment":[{"href":"https:\/\/overline-poetry.de\/index.php\/wp-json\/wp\/v2\/media?parent=1546"}],"curies":[{"name":"wp","href":"https:\/\/api.w.org\/{rel}","templated":true}]}}