
{"id":1703,"date":"2024-09-02T16:31:00","date_gmt":"2024-09-02T16:31:00","guid":{"rendered":"https:\/\/overline-poetry.de\/?page_id=1703"},"modified":"2025-09-21T06:46:11","modified_gmt":"2025-09-21T06:46:11","slug":"chemnitz-noch-europaeische-kulturhauptstadt","status":"publish","type":"page","link":"https:\/\/overline-poetry.de\/index.php\/chemnitz-noch-europaeische-kulturhauptstadt\/","title":{"rendered":"Chemnitz, noch europ\u00e4ische Kulturhauptstadt?"},"content":{"rendered":"\n<p>Ausgezeichnet als europ\u00e4ische Kulturhauptstadt wurde Chemnitz,<br>nach dem Ergebnis der Wahlen, mutet es an, wie ein schlechter Witz.<br>Mit einer weltoffenen Bev\u00f6lkerung kann man hier wohl nicht prahlen,<br>denn das belegen die Ergebnisse, als Ausgang der Landtagswahlen.<br><br>Als ausl\u00e4ndischer Besucher muss man hier f\u00fcrchten um sein Leben,<br>weil es zu viele Stimmen f\u00fcr die AFD als W\u00e4hlervotum hat gegeben.<br>Diese Auszeichnung zum Schutze der Besucher wieder aberkennen,<br>als wichtigste Ma\u00dfnahme f\u00fcr das Bundesland Sachsen zu benennen!<br><br>Dieses sollte man rechtsextremen Anh\u00e4ngern und W\u00e4hlern erkl\u00e4ren,<br>eine Demokratie muss sich gegen Rechtsextremismus doch wehren.<br>Wenn wir Ostdeutschland als &#8222;nationalsozialistisches Reich\u201c sehen,<br>wie soll dieses mit der europ\u00e4ischen Kulturhauptstadt dann gehen?<br><br>Auch die heimischen Firmen gegen die Macht der AFD protestieren,<br>sie wollen doch durch Rechtsextremismus kein Personal verlieren.<br>Wenn im Ausland wird das \u201erechtsextreme W\u00e4hlervotum\u201c bekannt,<br>gehen angeworbene Arbeitskr\u00e4fte lieber in ein demokratisches Land.<br><br>Noch drei Landtagswahlen in Ostdeutschland demn\u00e4chst anstehen<br>und wenn man hier die Ergebnisse als Gewinn f\u00fcr AFD wird sehen,<br>dann sollte man diese Bundesl\u00e4nder wieder hinter Mauern isolieren,<br>bevor wir im Westen unsere \u201edemokratischen Werte\u201c noch verlieren.<br><br><strong>\u00a9 Rainer Dambroth &#8211; 02.09.2024 &#8211; <a href=\"https:\/\/www.overline-poetry.de\/\">www.overline-poetry.de<\/a><\/strong><br><br><strong>Der Nationalsozialismus ist eine radikal antisemitische, ultranationale, v\u00f6lkische, antidemokratische Ideologie<\/strong>. <br><br><strong><a href=\"https:\/\/overline-poetry.de\/wp-admin\/post.php?post=1710&amp;action=edit\">Zu naive W\u00e4hler in Ostdeutschland werden unsere Demokratie zerst\u00f6ren!<\/a><\/strong><br><br><em><strong>Die Kulturhauptstadtregion<\/strong><br>Chemnitz 2025 l\u00e4dt ein, die Region zu entdecken, mit anderen Augen zu sehen, vielleicht auch bekannte Pfade zu verlassen. Denn 38 St\u00e4dte und Gemeinden aus Mittelsachsen, dem Zwickauer Land und dem Erzgebirge bilden mit Chemnitz die Kulturhaupstadtregion und tragen zusammen den Titel \u201cKulturhauptstadt Europas\u201d.<\/em><br><strong><em>Internet<\/em><\/strong><\/p>\n\n\n\n<p><\/p>\n","protected":false},"excerpt":{"rendered":"<p>Ausgezeichnet als europ\u00e4ische Kulturhauptstadt wurde Chemnitz,nach dem Ergebnis der Wahlen, mutet es an, wie ein schlechter Witz.Mit einer weltoffenen Bev\u00f6lkerung kann man hier wohl nicht prahlen,denn das belegen die Ergebnisse, als Ausgang der Landtagswahlen. Als ausl\u00e4ndischer Besucher muss man hier f\u00fcrchten um sein Leben,weil es zu viele Stimmen f\u00fcr die AFD als W\u00e4hlervotum hat gegeben.Diese [&hellip;]<\/p>\n","protected":false},"author":1,"featured_media":0,"parent":0,"menu_order":0,"comment_status":"closed","ping_status":"closed","template":"","meta":{"footnotes":""},"class_list":["post-1703","page","type-page","status-publish","hentry"],"jetpack_sharing_enabled":true,"_links":{"self":[{"href":"https:\/\/overline-poetry.de\/index.php\/wp-json\/wp\/v2\/pages\/1703","targetHints":{"allow":["GET"]}}],"collection":[{"href":"https:\/\/overline-poetry.de\/index.php\/wp-json\/wp\/v2\/pages"}],"about":[{"href":"https:\/\/overline-poetry.de\/index.php\/wp-json\/wp\/v2\/types\/page"}],"author":[{"embeddable":true,"href":"https:\/\/overline-poetry.de\/index.php\/wp-json\/wp\/v2\/users\/1"}],"replies":[{"embeddable":true,"href":"https:\/\/overline-poetry.de\/index.php\/wp-json\/wp\/v2\/comments?post=1703"}],"version-history":[{"count":3,"href":"https:\/\/overline-poetry.de\/index.php\/wp-json\/wp\/v2\/pages\/1703\/revisions"}],"predecessor-version":[{"id":1719,"href":"https:\/\/overline-poetry.de\/index.php\/wp-json\/wp\/v2\/pages\/1703\/revisions\/1719"}],"wp:attachment":[{"href":"https:\/\/overline-poetry.de\/index.php\/wp-json\/wp\/v2\/media?parent=1703"}],"curies":[{"name":"wp","href":"https:\/\/api.w.org\/{rel}","templated":true}]}}