
{"id":1804,"date":"2024-08-20T14:46:00","date_gmt":"2024-08-20T14:46:00","guid":{"rendered":"https:\/\/overline-poetry.de\/?page_id=1804"},"modified":"2025-09-24T14:48:29","modified_gmt":"2025-09-24T14:48:29","slug":"despot-putin-wird-durch-die-ukraine-blamiert","status":"publish","type":"page","link":"https:\/\/overline-poetry.de\/index.php\/despot-putin-wird-durch-die-ukraine-blamiert\/","title":{"rendered":"Despot Putin wird durch die Ukraine blamiert"},"content":{"rendered":"\n<p>Die Besetzung von Kursk soll Despot Putin zu Gespr\u00e4chen zwingen<br>und der Ukraine, so hofft man, dann Freiheit und Frieden bringen.<br>Die Ukraine hat &#8222;den Spie\u00df&#8220; der Kriegsf\u00fchrung einfach umgedreht<br>und f\u00fchrt dem Despoten Putin, wie \u201etaktische Kriegsf\u00fchrung\u201c geht.<br><br>Das reflektiert Gef\u00fchle, wenn grundlos \u00fcberfallen der eigene Staat,<br>weil ein Despot sich ein Gro\u00dfreich Russland in den Kopf gesetzt hat.<br>Der alternde Despot Putin will f\u00fcr sich die Geschichte neu schreiben,<br>aber er sollte diese Kriegstreiberei lassen und in Russland bleiben.<br><br>Der Despot Putin wird f\u00fcr solche \u201eKriegsspielchen\u201c langsam zu alt<br>und sollte doch ersetzt werden durch \u201eFriedensliebende\u201c alsbald.<br>Man sollte doch wieder Michail Gorbatschow aus dem Grabe heben,<br>damit wir in unser Europa k\u00f6nnen endlich wieder in Frieden leben.<br><br>Die Rechnung von einer \u201eFriedensmission\u201c ist nicht aufgegangen,<br>nun ist Despot Putin in seiner eigenen Kriegsstrategie gefangen.<br>Die Welt \u00fcber den dilettantisch handelnden Despoten Putin lacht,<br>wenn ein alternder Despot Putin mit seinem Gefolge Fehler macht.<br><br>Bomben von russischen Milit\u00e4rbasen auf die Ukraine zu schmei\u00dfen,<br>dabei Zivilbev\u00f6lkerung treffen und auch zivile Geb\u00e4ude niederrei\u00dfen<br>Wenn die \u201eBomben Schmei\u00dfenden\u201c in ihren Abschussbasen gestellt,<br>dann dieses dem Kriegstreiber Despot Putin doch gar nicht gef\u00e4llt.<br><br>Dann klagend der Despot Putin diesen Angriff vom \u201eFeind\u201c kritisiert<br>man h\u00e4tte doch Krieg gegen Zivilisten auf russischen Boden riskiert.<br>Der Despot Putin leidet in seiner Wahrnehmung an Realit\u00e4tsverlust,<br>oder ist es, weil der Angriff auf russischen Boden passiert, nur Frust.<br><br>Putins \u201eZiehsohn\u201c, Dmitri Medwedew, sich vor seinem \u201ePapa\u201c stellt,<br>und hofft, das \u201ePapa\u201c Putin diese Drohung gegen den Westen gef\u00e4llt.<br>Die Drohung von Medwedew: Russland will in Berlin einmarschieren<br>und die Deutschen werden bei diesem russischen Angriff verlieren.<br><br><strong>\u00a9 Rainer Dambroth &#8211; 20.08.2024 &#8211; <a href=\"https:\/\/www.overline-poetry.de\/\">www.overline-poetry.de<\/a><\/strong><\/p>\n","protected":false},"excerpt":{"rendered":"<p>Die Besetzung von Kursk soll Despot Putin zu Gespr\u00e4chen zwingenund der Ukraine, so hofft man, dann Freiheit und Frieden bringen.Die Ukraine hat &#8222;den Spie\u00df&#8220; der Kriegsf\u00fchrung einfach umgedrehtund f\u00fchrt dem Despoten Putin, wie \u201etaktische Kriegsf\u00fchrung\u201c geht. Das reflektiert Gef\u00fchle, wenn grundlos \u00fcberfallen der eigene Staat,weil ein Despot sich ein Gro\u00dfreich Russland in den Kopf gesetzt [&hellip;]<\/p>\n","protected":false},"author":1,"featured_media":0,"parent":0,"menu_order":0,"comment_status":"closed","ping_status":"closed","template":"","meta":{"footnotes":""},"class_list":["post-1804","page","type-page","status-publish","hentry"],"jetpack_sharing_enabled":true,"_links":{"self":[{"href":"https:\/\/overline-poetry.de\/index.php\/wp-json\/wp\/v2\/pages\/1804","targetHints":{"allow":["GET"]}}],"collection":[{"href":"https:\/\/overline-poetry.de\/index.php\/wp-json\/wp\/v2\/pages"}],"about":[{"href":"https:\/\/overline-poetry.de\/index.php\/wp-json\/wp\/v2\/types\/page"}],"author":[{"embeddable":true,"href":"https:\/\/overline-poetry.de\/index.php\/wp-json\/wp\/v2\/users\/1"}],"replies":[{"embeddable":true,"href":"https:\/\/overline-poetry.de\/index.php\/wp-json\/wp\/v2\/comments?post=1804"}],"version-history":[{"count":1,"href":"https:\/\/overline-poetry.de\/index.php\/wp-json\/wp\/v2\/pages\/1804\/revisions"}],"predecessor-version":[{"id":1808,"href":"https:\/\/overline-poetry.de\/index.php\/wp-json\/wp\/v2\/pages\/1804\/revisions\/1808"}],"wp:attachment":[{"href":"https:\/\/overline-poetry.de\/index.php\/wp-json\/wp\/v2\/media?parent=1804"}],"curies":[{"name":"wp","href":"https:\/\/api.w.org\/{rel}","templated":true}]}}