
{"id":1871,"date":"2022-11-14T14:12:00","date_gmt":"2022-11-14T14:12:00","guid":{"rendered":"https:\/\/overline-poetry.de\/?page_id=1871"},"modified":"2025-09-26T14:16:28","modified_gmt":"2025-09-26T14:16:28","slug":"bremen-eine-anmeldung-fuer-die-anmeldung","status":"publish","type":"page","link":"https:\/\/overline-poetry.de\/index.php\/bremen-eine-anmeldung-fuer-die-anmeldung\/","title":{"rendered":"Bremen &#8211; Eine Anmeldung f\u00fcr die Anmeldung!"},"content":{"rendered":"\n<p>Bist du in Bremen zugezogen oder umgezogen im Stadtbereich,<br>dann hole dir einen Termin f\u00fcr die Anmeldung und das sogleich.<br>Einfach zu der Beh\u00f6rde hinfahren, anmelden und wieder gehen?<br>Nein, man will dich nur mit einem Anmeldetermin wieder sehen!<br><br>Denn die Beh\u00f6rde ist v\u00f6llig \u00fcberlastet, weil sie zu wenig Personal<br>und so werden einfache Beh\u00f6rdendienstleistungen schnell zu Qual.<br>Vielleicht sollte man die Beh\u00f6rdenabl\u00e4ufe nun endlich verschlanken<br>und die Bremer B\u00fcrger werden es den Beh\u00f6rden vielfach danken.<br><br>Fr\u00fcher gab es Beh\u00f6rdendienststellen in Bremer Au\u00dfenbereichen,<br>aber die mussten wohl aus Kostengr\u00fcnden dem \u201eRotstift\u201c weichen.<br>Das die \u00c4mter nur als ein Dienstleister f\u00fcr die Bremer B\u00fcrger sind,<br>dieses den Entscheidern klar, aber die Umsetzung nicht geschwind.<br><br>Eine Bekannte wollte einen Parkausweis f\u00fcr ihren neuen Wohnort,<br>daf\u00fcr wollte sie sich sofort ummelden, aber man schickte sie fort.<br>Den Parkausweis gibt es erst, wenn eine Ummeldung erfolgreich,<br>aber erst nach erfolgter Anmeldung f\u00fcr die Ummeldung sogleich.<br><br>Um M\u00fcllbeutel f\u00fcr die bremische Abfallentsorgung dann zu kaufen,<br>da kann man nicht einfach zu der n\u00e4chsten Beh\u00f6rdenstelle laufen.<br>F\u00fcr diesem Vorgang nicht zust\u00e4ndig oder es scheint zu \u00fcberfordern,<br>so dass man diese kann nur wenigen Verkaufstellen dann ordern.<br><br>An die \u00e4lteren B\u00fcrger wurde bei der Planung oftmals nicht gedacht,<br>denn sie wissen nicht, wie Termine \u00fcber das Smarphone gemacht,<br>denn beim \u201eBeh\u00f6rdengang\u201c, so kann man es jetzt zur Zeit erleben,<br>muss man vor dem Eintritt ins Amt erst einen QR-Code eingeben.<br><br>Man sollte die Abl\u00e4ufe in Bremer Beh\u00f6rden doch neu organisieren,<br>dabei d\u00fcrfen die technisch unversierten B\u00fcrger aber nicht verlieren.<br>Man braucht f\u00fcr den Vermieter auch einen Einwohnermeldeschein,<br>also nicht verkomplizieren und lasst es f\u00fcr die B\u00fcrger einfach sein!<br><br><strong>\u00a9<\/strong> Rainer Dambroth &#8211; 14.11.2022 &#8211; <strong><a href=\"https:\/\/www.overline-poetry.de\/\">www.overline-poetry.de<\/a><\/strong><\/p>\n","protected":false},"excerpt":{"rendered":"<p>Bist du in Bremen zugezogen oder umgezogen im Stadtbereich,dann hole dir einen Termin f\u00fcr die Anmeldung und das sogleich.Einfach zu der Beh\u00f6rde hinfahren, anmelden und wieder gehen?Nein, man will dich nur mit einem Anmeldetermin wieder sehen! Denn die Beh\u00f6rde ist v\u00f6llig \u00fcberlastet, weil sie zu wenig Personalund so werden einfache Beh\u00f6rdendienstleistungen schnell zu Qual.Vielleicht sollte [&hellip;]<\/p>\n","protected":false},"author":1,"featured_media":0,"parent":0,"menu_order":0,"comment_status":"closed","ping_status":"closed","template":"","meta":{"footnotes":""},"class_list":["post-1871","page","type-page","status-publish","hentry"],"jetpack_sharing_enabled":true,"_links":{"self":[{"href":"https:\/\/overline-poetry.de\/index.php\/wp-json\/wp\/v2\/pages\/1871","targetHints":{"allow":["GET"]}}],"collection":[{"href":"https:\/\/overline-poetry.de\/index.php\/wp-json\/wp\/v2\/pages"}],"about":[{"href":"https:\/\/overline-poetry.de\/index.php\/wp-json\/wp\/v2\/types\/page"}],"author":[{"embeddable":true,"href":"https:\/\/overline-poetry.de\/index.php\/wp-json\/wp\/v2\/users\/1"}],"replies":[{"embeddable":true,"href":"https:\/\/overline-poetry.de\/index.php\/wp-json\/wp\/v2\/comments?post=1871"}],"version-history":[{"count":1,"href":"https:\/\/overline-poetry.de\/index.php\/wp-json\/wp\/v2\/pages\/1871\/revisions"}],"predecessor-version":[{"id":1875,"href":"https:\/\/overline-poetry.de\/index.php\/wp-json\/wp\/v2\/pages\/1871\/revisions\/1875"}],"wp:attachment":[{"href":"https:\/\/overline-poetry.de\/index.php\/wp-json\/wp\/v2\/media?parent=1871"}],"curies":[{"name":"wp","href":"https:\/\/api.w.org\/{rel}","templated":true}]}}