
{"id":2007,"date":"2024-08-26T17:27:00","date_gmt":"2024-08-26T17:27:00","guid":{"rendered":"https:\/\/overline-poetry.de\/?page_id=2007"},"modified":"2025-10-15T17:30:11","modified_gmt":"2025-10-15T17:30:11","slug":"bremen-klinikum-bremen-mitte-an-der-st-juergen-strasse","status":"publish","type":"page","link":"https:\/\/overline-poetry.de\/index.php\/bremen-klinikum-bremen-mitte-an-der-st-juergen-strasse\/","title":{"rendered":"Bremen \u2013 Klinikum Bremen Mitte an der St.-J\u00fcrgen-Stra\u00dfe"},"content":{"rendered":"\n<p>Wir hatten nach langer Zeit einen Abholtermin vom Krankenhaus,<br>aber wie nach einem richtigen Krankenhaus sieht es hier nicht aus.<br>Das Krankenhausgel\u00e4nde doch mehr einer \u201eAbrissbaustelle\u201c gleicht,<br>hat das Geld f\u00fcr ein \u201eDie Zukunft erkl\u00e4rendes\u201c Plakat nicht gereicht<br><br>Auch vorhandene Parkm\u00f6glichkeiten an dieser sehr engen Stra\u00dfe,<br>sind keine Durchfahrt, denn sie endet dann in einer \u201eSackgasse\u201c.<br>Hier geh\u00f6rt doch zu Beginn der Hinweis auf diese \u201eSackgasse\u201c hin,<br>so dass eine Weiterfahrt auf dieser Stra\u00dfe macht doch keinen Sinn.<br><br>Hier auch auch eine \u201eBereich hinweisende Beschilderung\u201c gefordert,<br>wenn man dieses nicht leisten kann, ein Unternehmen daf\u00fcr ordert.<br>Man ohne Orientierung suchend durch das Krankenhausgel\u00e4nde irrt<br>und durch fehlende Hinweise und Beschilderung, wird man verwirrt.<br><br>Die neue Klinik und den Zugang gefunden, doch das nicht so gleich<br>und die \u201eEingangshalle\u201c \u00e4hnelt wie im Flughafen der Wartebereich.<br>In dem Krankenhaus bei der Auskunft nach der Radiologie gefragt<br>und schon wurde einem der weitere Streckenverlauf dann angesagt<br><br>\u201eGehen sie doch diesen Gang entlang, bis es nicht mehr weiter geht,<br>dann nach rechts, am Ende dann vor der n\u00e4chsten Auskunft steht\u201c.<br>Diese Erkl\u00e4rung h\u00f6rte sich nach einem l\u00e4ngeren Fu\u00dfweg doch an.<br>Die Frage: \u201cOb die Radiologie liegt vor der Auffahrt der Autobahn?\u201c<br><br>Wir gehen wie empfohlen und stehen vor der Auskunft Radiologie.<br>Wohin geht es weiter nun zu der Abteilung f\u00fcr Radiologie und wie.<br>Die aufkl\u00e4rende Antwort zur Abteilung Radiologie, war recht banal,<br>es gibt zwei auf dem Krankenhausgel\u00e4nde und wir h\u00e4tten die Wahl.<br><br>Wurde vom eigenen Hausarzt eine \u201eDurchleuchtung\u201c verschrieben,<br>dann w\u00e4re man doch besser gleich bei dem \u00c4rztehaus geblieben.<br>Nach dieser doch schl\u00fcssigen Erkl\u00e4rung den R\u00fcckweg genommen<br>und sind dann ohne Neuorientierung beim \u00c4rztehaus angekommen.<br><br>Ich denke mit Grauen daran, wenn Krankenhaus LDW mit zugelegt,<br>wahrscheinlich durch den Besucherverkehr sich nichts mehr bewegt.<br>Wenn Politik entscheidet, nicht immer mit einer schl\u00fcssigen Planung,<br>so entsteht der Eindruck, als h\u00e4tte man sachbezogen wenig Ahnung.<br><br><strong>\u00a9 Rainer Dambroth &#8211; 26.08.2024 &#8211; <a href=\"https:\/\/www.overline-poetry.de\/\"><strong>www.overline-poetry.de<\/strong><\/a><\/strong><br><br>LDW = Krankenhaus \u201eLinks der Weser\u201c<br><\/p>\n","protected":false},"excerpt":{"rendered":"<p>Wir hatten nach langer Zeit einen Abholtermin vom Krankenhaus,aber wie nach einem richtigen Krankenhaus sieht es hier nicht aus.Das Krankenhausgel\u00e4nde doch mehr einer \u201eAbrissbaustelle\u201c gleicht,hat das Geld f\u00fcr ein \u201eDie Zukunft erkl\u00e4rendes\u201c Plakat nicht gereicht Auch vorhandene Parkm\u00f6glichkeiten an dieser sehr engen Stra\u00dfe,sind keine Durchfahrt, denn sie endet dann in einer \u201eSackgasse\u201c.Hier geh\u00f6rt doch zu [&hellip;]<\/p>\n","protected":false},"author":1,"featured_media":0,"parent":0,"menu_order":0,"comment_status":"closed","ping_status":"closed","template":"","meta":{"footnotes":""},"class_list":["post-2007","page","type-page","status-publish","hentry"],"jetpack_sharing_enabled":true,"_links":{"self":[{"href":"https:\/\/overline-poetry.de\/index.php\/wp-json\/wp\/v2\/pages\/2007","targetHints":{"allow":["GET"]}}],"collection":[{"href":"https:\/\/overline-poetry.de\/index.php\/wp-json\/wp\/v2\/pages"}],"about":[{"href":"https:\/\/overline-poetry.de\/index.php\/wp-json\/wp\/v2\/types\/page"}],"author":[{"embeddable":true,"href":"https:\/\/overline-poetry.de\/index.php\/wp-json\/wp\/v2\/users\/1"}],"replies":[{"embeddable":true,"href":"https:\/\/overline-poetry.de\/index.php\/wp-json\/wp\/v2\/comments?post=2007"}],"version-history":[{"count":1,"href":"https:\/\/overline-poetry.de\/index.php\/wp-json\/wp\/v2\/pages\/2007\/revisions"}],"predecessor-version":[{"id":2011,"href":"https:\/\/overline-poetry.de\/index.php\/wp-json\/wp\/v2\/pages\/2007\/revisions\/2011"}],"wp:attachment":[{"href":"https:\/\/overline-poetry.de\/index.php\/wp-json\/wp\/v2\/media?parent=2007"}],"curies":[{"name":"wp","href":"https:\/\/api.w.org\/{rel}","templated":true}]}}