
{"id":2034,"date":"2025-10-20T13:14:46","date_gmt":"2025-10-20T13:14:46","guid":{"rendered":"https:\/\/overline-poetry.de\/?page_id=2034"},"modified":"2025-10-20T15:26:27","modified_gmt":"2025-10-20T15:26:27","slug":"amerika-wehrt-sich-und-demonstriert-no-kings-die-macht-gehoert-dem-volk-nicht-den-oligarchen","status":"publish","type":"page","link":"https:\/\/overline-poetry.de\/index.php\/amerika-wehrt-sich-und-demonstriert-no-kings-die-macht-gehoert-dem-volk-nicht-den-oligarchen\/","title":{"rendered":"Amerika wehrt sich und demonstriert: &#8222;No Kings&#8220; &#8211; Die Macht geh\u00f6rt dem Volk, nicht den Oligarchen"},"content":{"rendered":"\n<p>Ich habe sofort an die <strong>\u201eAnimal Farm\u201c<\/strong> von George Orwell gedacht,<br>es wird der Aufstand gegen die Herrschaft der Schweine gemacht.<br>Den Schweinen aufgrund ihrer Versprechen die Herrschaft gegeben,<br>denn die anderen Tiere erhofften sich danach ein gerechteres Leben.<br>Seitdem die Schweine gew\u00e4hlt, will man die Autokratie manifestieren,<br>dann wurde klar, dadurch die Freiheit und die Gerechtigkeit verlieren.<br><br>F\u00fcnfzig Staaten, \u00fcber sieben Millionen gegen <strong>Trump<\/strong> demonstrieren,<br><strong>Donald Trump<\/strong> l\u00e4sst sich in seinem F\u00fchrungsstil davon nicht beirren.<br><strong>Trump<\/strong> auf <strong>X<\/strong> diese Demos mit einem Video verachtend kommentiert:<br>Indem der K\u00f6nig mit dem Kampfflieger F\u00e4kalien auf das Volk verliert.<br><strong>Trump<\/strong> sieht sich als Herrscher, der mit Gottesmacht Amerika lenkt,<br>und ihm ist es v\u00f6llig egal, was \u201esein Volk&#8220; \u00fcber sein Handeln denkt.<br><br><strong>Donald Trump<\/strong> wollte den Gazakonflikt beenden, nur per \u201eDekret\u201c.<br>Zumindest der Krieg wurde unterbrochen, bevor es dann zu sp\u00e4t.<br>Aber Hamas zu entwaffnen, w\u00e4re als eine Kapitulation anzusehen,<br><strong>Donald Trump<\/strong> ist einfach gestrickt und wird dieses nicht verstehen.<br>Zu viele Fragen in dem Gazakonflikt blieben doch noch ungekl\u00e4rt,<br>wie, wann und vom wem diese Probleme gel\u00f6st, man nie erf\u00e4hrt.<br><br><strong>Donald Trump<\/strong> den ukrainischen Pr\u00e4sidenten Selensky zu Besuch,<br>f\u00fcr Selensky war es, um das \u201eTomahawk\u201c zu erhalten, ein Versuch.<br><strong>Donald Trump<\/strong> hatte zuvor mit dem Despoten Putin telefoniert,<br>der <strong>Trump<\/strong> vor einer Lieferung gewarnt, so nicht mehr interessiert.<br><strong>Donald Trump<\/strong> hat <strong>Selensky<\/strong> Abgabe vom Dombas vorgeschlagen,<br>dann k\u00f6nnte versichert, dass <strong>Putin<\/strong> und die Ukraine sich vertragen?<br><br><strong>\u00a9 Rainer Dambroth \u2013 20.10.2025 \u2013 <a href=\"http:\/\/www.overline-poetry.de\/\">www.overline-poetry.de<\/a><\/strong><br><br><strong>*)<\/strong> <strong>Die oben genannten &#8222;herrschenden Schweine&#8220; sind Figuren aus dem Buch &#8222;Animal Farm&#8220; und sollten nicht beleidigend f\u00fcr reale Personen sein.<\/strong><br><strong><br><\/strong><em><strong>Das Buch &#8222;Animal Farm&#8220; von George Orwell<br><\/strong>&#8222;Farm der Tiere&#8220; ist eine allegorische Fabel von George Orwell, in der Tiere eine englische Farm von ihrem menschlichen Besitzer st\u00fcrzen. Sie gr\u00fcnden eine eigene Gesellschaft auf Basis der Prinzipien des Animalismus, die auf Gleichheit und Freiheit basiert. Bald \u00fcbernehmen die Schweine jedoch die Macht, und die Farm wird unter ihrer F\u00fchrung zu einer noch schlimmeren Diktatur als zuvor. Das Buch kritisiert Machtmissbrauch, politische Korruption und totalit\u00e4re Systeme, insbesondere die Sowjetunion und Stalins Herrschaft.<br>Internet KI<\/em><br><br><\/p>\n","protected":false},"excerpt":{"rendered":"<p>Ich habe sofort an die \u201eAnimal Farm\u201c von George Orwell gedacht,es wird der Aufstand gegen die Herrschaft der Schweine gemacht.Den Schweinen aufgrund ihrer Versprechen die Herrschaft gegeben,denn die anderen Tiere erhofften sich danach ein gerechteres Leben.Seitdem die Schweine gew\u00e4hlt, will man die Autokratie manifestieren,dann wurde klar, dadurch die Freiheit und die Gerechtigkeit verlieren. F\u00fcnfzig Staaten, [&hellip;]<\/p>\n","protected":false},"author":1,"featured_media":0,"parent":0,"menu_order":0,"comment_status":"closed","ping_status":"closed","template":"","meta":{"footnotes":""},"class_list":["post-2034","page","type-page","status-publish","hentry"],"jetpack_sharing_enabled":true,"_links":{"self":[{"href":"https:\/\/overline-poetry.de\/index.php\/wp-json\/wp\/v2\/pages\/2034","targetHints":{"allow":["GET"]}}],"collection":[{"href":"https:\/\/overline-poetry.de\/index.php\/wp-json\/wp\/v2\/pages"}],"about":[{"href":"https:\/\/overline-poetry.de\/index.php\/wp-json\/wp\/v2\/types\/page"}],"author":[{"embeddable":true,"href":"https:\/\/overline-poetry.de\/index.php\/wp-json\/wp\/v2\/users\/1"}],"replies":[{"embeddable":true,"href":"https:\/\/overline-poetry.de\/index.php\/wp-json\/wp\/v2\/comments?post=2034"}],"version-history":[{"count":4,"href":"https:\/\/overline-poetry.de\/index.php\/wp-json\/wp\/v2\/pages\/2034\/revisions"}],"predecessor-version":[{"id":2051,"href":"https:\/\/overline-poetry.de\/index.php\/wp-json\/wp\/v2\/pages\/2034\/revisions\/2051"}],"wp:attachment":[{"href":"https:\/\/overline-poetry.de\/index.php\/wp-json\/wp\/v2\/media?parent=2034"}],"curies":[{"name":"wp","href":"https:\/\/api.w.org\/{rel}","templated":true}]}}