
{"id":2053,"date":"2025-10-23T15:39:08","date_gmt":"2025-10-23T15:39:08","guid":{"rendered":"https:\/\/overline-poetry.de\/?page_id=2053"},"modified":"2025-10-23T15:54:03","modified_gmt":"2025-10-23T15:54:03","slug":"pelzmaentel-der-pelz-gehoert-den-tieren","status":"publish","type":"page","link":"https:\/\/overline-poetry.de\/index.php\/pelzmaentel-der-pelz-gehoert-den-tieren\/","title":{"rendered":"Pelzm\u00e4ntel, der Pelz geh\u00f6rt den Tieren"},"content":{"rendered":"\n<p><strong>Pelzm\u00e4ntel<\/strong> bei \u201eNeureichen\u201c, ein zu pr\u00e4sentierendes Luxussymbol,<br>damit wird der pers\u00f6nliche Status aufgezeigt, das eigene \u201eWohl\u201c.<br>Bei jedem Anlass, wird auf den Preis f\u00fcr den <strong>Tierpelz<\/strong> hingewiesen<br>und die \u201esichtbare Arbeit\u201c des K\u00fcrschners ungefragt angepriesen.<br>So kann Frau ihre pers\u00f6nliche \u201e<strong>Pelz<\/strong>-Aufwertung\u201c dann pr\u00e4sentieren,<br>aber sollte erz\u00e4hlen, wie viele <strong>Pelztiere<\/strong> mussten ihr Leben verlieren.<br><br>Am liebsten w\u00e4re es, wenn das &#8222;Preisschild vom <strong>Pelz<\/strong>&#8220; aufgedruckt,<br>damit die Gegen\u00fcber, bei dem Anblick, \u201edem\u00fctig\u201c zusammen zuckt.<br>Nat\u00fcrlich wurde der <strong>Pelz<\/strong> in der \u201eEdelboutique mit Namen\u201c gew\u00e4hlt,<br>wo man auf &#8222;hofierende Verk\u00e4ufer&#8220; und reichlich Champagner z\u00e4hlt.<br>Die \u201eneureichen M\u00e4nner\u201c \u201estellen wie zum Verkauf aus\u201c, ihre Frauen,<br>die man dann, auf Veranstaltungen, kann &#8222;voller Neid beschauen\u201c.<br><br>Das Gesicht der Tr\u00e4gerin durch Sch\u00f6nheitsoperationen \u201eentstellt\u201c,<br>aber Frau ist \u00fcberzeugt, das ihr Aussehen den Anwesenden gef\u00e4llt.<br>Das die Falten im Gesicht wurden mit \u201eF\u00fcllstoffen\u201c glatt \u201eplaniert\u201c,<br>das dadurch die Aussprache wird behindert, das nicht interessiert.<br>Die Lippen aufgeblasen und das Gesicht mit Botox straff \u201ebetoniert\u201c,<br>mit Botox um die Augen, Frau im Umfeld nicht mehr klar orientiert.<br><br>Ich bin \u00fcberzeugt, das Tier hat in seinem <strong>Pelz<\/strong> besser ausgesehen<br>und kann \u201e<strong>Pelz<\/strong>-Pr\u00e4sentation\u201c bei Wohlt\u00e4tigkeiten nicht verstehen.<br>Frau will doch zeigen, was sich die \u201eNeureiche\u201c alles leisten kann,<br>mit Geld \u201ezugef\u00fcttert\u201c von ihrem G\u00f6nner, ihrem \u201eneureichen Mann\u201c.<br>Die wahren Reichen ihren Luxus im Stillen f\u00fcr sich allein genie\u00dfen,<br>da muss nicht der Champagner \u201esichtbar\u201c in Str\u00f6men dann flie\u00dfen.<br><br><strong>\u00a9 Rainer Dambroth \u2013 23.10.2025 \u2013 <a href=\"http:\/\/www.overline-poetry.de\/\">www.overline-poetry.de<\/a><\/strong><br><br><em>In Deutschland gibt es keine Pelzfarmen mehr. Die letzte Nerzfarm schloss Anfang 2019 ihre Pforten, was vor allem an den seit 2017 geltenden, strengeren Tierschutzauflagen wie Mindestk\u00e4figgr\u00f6\u00dfen und artgerechten Haltungsbedingungen lag. Obwohl kein generelles Verbot existiert, ist eine wirtschaftliche Pelztierhaltung durch die hohen Anforderungen nicht mehr lukrativ.\u00a0<br>Internetfund KI<\/em><br><\/p>\n","protected":false},"excerpt":{"rendered":"<p>Pelzm\u00e4ntel bei \u201eNeureichen\u201c, ein zu pr\u00e4sentierendes Luxussymbol,damit wird der pers\u00f6nliche Status aufgezeigt, das eigene \u201eWohl\u201c.Bei jedem Anlass, wird auf den Preis f\u00fcr den Tierpelz hingewiesenund die \u201esichtbare Arbeit\u201c des K\u00fcrschners ungefragt angepriesen.So kann Frau ihre pers\u00f6nliche \u201ePelz-Aufwertung\u201c dann pr\u00e4sentieren,aber sollte erz\u00e4hlen, wie viele Pelztiere mussten ihr Leben verlieren. Am liebsten w\u00e4re es, wenn das &#8222;Preisschild [&hellip;]<\/p>\n","protected":false},"author":1,"featured_media":0,"parent":0,"menu_order":0,"comment_status":"closed","ping_status":"closed","template":"","meta":{"footnotes":""},"class_list":["post-2053","page","type-page","status-publish","hentry"],"jetpack_sharing_enabled":true,"_links":{"self":[{"href":"https:\/\/overline-poetry.de\/index.php\/wp-json\/wp\/v2\/pages\/2053","targetHints":{"allow":["GET"]}}],"collection":[{"href":"https:\/\/overline-poetry.de\/index.php\/wp-json\/wp\/v2\/pages"}],"about":[{"href":"https:\/\/overline-poetry.de\/index.php\/wp-json\/wp\/v2\/types\/page"}],"author":[{"embeddable":true,"href":"https:\/\/overline-poetry.de\/index.php\/wp-json\/wp\/v2\/users\/1"}],"replies":[{"embeddable":true,"href":"https:\/\/overline-poetry.de\/index.php\/wp-json\/wp\/v2\/comments?post=2053"}],"version-history":[{"count":1,"href":"https:\/\/overline-poetry.de\/index.php\/wp-json\/wp\/v2\/pages\/2053\/revisions"}],"predecessor-version":[{"id":2057,"href":"https:\/\/overline-poetry.de\/index.php\/wp-json\/wp\/v2\/pages\/2053\/revisions\/2057"}],"wp:attachment":[{"href":"https:\/\/overline-poetry.de\/index.php\/wp-json\/wp\/v2\/media?parent=2053"}],"curies":[{"name":"wp","href":"https:\/\/api.w.org\/{rel}","templated":true}]}}