
{"id":2363,"date":"2026-04-06T17:42:08","date_gmt":"2026-04-06T17:42:08","guid":{"rendered":"https:\/\/overline-poetry.de\/?page_id=2363"},"modified":"2026-04-07T04:17:58","modified_gmt":"2026-04-07T04:17:58","slug":"donald-trump-the-worst-president-in-history","status":"publish","type":"page","link":"https:\/\/overline-poetry.de\/index.php\/donald-trump-the-worst-president-in-history\/","title":{"rendered":"Donald Trump, the worst President in History?"},"content":{"rendered":"\n<p><strong>Donald Trump<\/strong> wird wohl der bisher schlechteste Pr\u00e4sident,<br>den man aus der langen amerikanischen Geschichte kennt.<br>Pr\u00e4sident <strong>Donald Trump<\/strong> doch <strong>hochgradig<\/strong> <strong>geltungss\u00fcchtig<\/strong><br>und \u00fcberzeugt, nur er, als Pr\u00e4sident, w\u00e4re besonders t\u00fcchtig.<br><br>Seine loyale &#8222;<strong>Gurkentruppe<\/strong>&#8222;, die mit ihm in Amerika regiert,<br>h\u00f6ren bei <strong>Donald Trump<\/strong> auf&#8217;s Wort, wie von ihm &#8222;dressiert&#8220;.<br>Die Personen handverlesen, mit denen die Regierung besetzt,<br>dass sie sich <strong>Donald Trump<\/strong> unterordnen, wird wertgesch\u00e4tzt.<br><br>Die sich mit den Fehlern von <strong>Donald Trump<\/strong> nicht arrangieren,<br>werden schnell Verantwortung, somit ihren &#8222;Posten&#8220; verlieren.<br><strong>Donald Trump<\/strong> duldet vom Team kein eigenst\u00e4ndiges Denken<br>und nur er allein, will &#8222;<strong>America first<\/strong>&#8220; in den Abgrund lenken.<br><br>Die, die mehr Erfahrung und vom Intellekt sind ihm \u00fcberlegen,<br>werden in seine &#8222;<strong>Gurkentruppe<\/strong>&#8220; keinen Fuss hinein bewegen.<br><strong>Donald Trump<\/strong> sich selbst als \u00fcberdurchschnittlich einsch\u00e4tzt,<br>bei jeder Person, die dieses anzweifelt, er sich hinweg gesetzt.<br><br>Die reale Wahrnehmung bei <strong>Donald Trump<\/strong> anders dargestellt,<br>denn er sieht die Welt, wie sie ihm in seiner Vorstellung gef\u00e4llt.<br><strong>Donald Trump<\/strong> eine Kr\u00e4merseele, jeder politische Akt ein Deal,<br>wenn &#8222;Geld in seiner Kasse klingelt&#8220;, ist <strong>Donald Trump<\/strong> am Ziel.<br><br><strong>Benjamin Netanjahu<\/strong> ihn geschickt &#8222;vor den Karren gespannt&#8220;,<br><strong>Donald Trump<\/strong>, ohne Durchblick in dem Nahost-Krieg verrannt,<br>Der <strong>Iran<\/strong> dann die umliegenden Staaten mit Bomben beschiesst,<br>zerst\u00f6rt die Gas- und \u00d6lfelder, so dass keine Energie mehr flie\u00dft.<br><br>Nun steht Pr\u00e4sident <strong>Donald Trump<\/strong> mit dem <strong>R\u00fccken zur Wand<\/strong>,<br>Dieser Krieg hat ihn, &#8222;<strong>den gro\u00dfen Dealmaker<\/strong>&#8222;, v\u00f6llig \u00fcberrannt.<br>Nun fordert er Nato-Staaten und will die Nato daf\u00fcr ben\u00fctzen,<br>um seine begonnene &#8222;Schl\u00e4gerei&#8220; mit dem <strong>Iran<\/strong> zu besch\u00fctzen. <br><br>\u00a9 Rainer Dambroth \u2013 06.04.2026 \u2013 www.overline-poetry.de<br><br><em>&#8222;<strong>Gurkentruppe<\/strong>&#8220; ist ein umgangssprachlicher, abwertender Begriff f\u00fcr ein erfolgloses oder schlecht organisiertes Team.<br>Internet KI<\/em><br><em><br>Die Redewendung \u201emit dem <strong>R\u00fccken zur Wand stehen<\/strong>\u201c bedeutet, sich in einer gro\u00dfen, oft ausweglosen Bedr\u00e4ngnis zu befinden, ohne Handlungsspielraum oder Wahlm\u00f6glichkeiten<mark>.<\/mark><br>Internet KI<\/em><\/p>\n","protected":false},"excerpt":{"rendered":"<p>Donald Trump wird wohl der bisher schlechteste Pr\u00e4sident,den man aus der langen amerikanischen Geschichte kennt.Pr\u00e4sident Donald Trump doch hochgradig geltungss\u00fcchtigund \u00fcberzeugt, nur er, als Pr\u00e4sident, w\u00e4re besonders t\u00fcchtig. Seine loyale &#8222;Gurkentruppe&#8222;, die mit ihm in Amerika regiert,h\u00f6ren bei Donald Trump auf&#8217;s Wort, wie von ihm &#8222;dressiert&#8220;.Die Personen handverlesen, mit denen die Regierung besetzt,dass sie sich [&hellip;]<\/p>\n","protected":false},"author":1,"featured_media":0,"parent":0,"menu_order":0,"comment_status":"closed","ping_status":"closed","template":"","meta":{"footnotes":""},"class_list":["post-2363","page","type-page","status-publish","hentry"],"jetpack_sharing_enabled":true,"_links":{"self":[{"href":"https:\/\/overline-poetry.de\/index.php\/wp-json\/wp\/v2\/pages\/2363","targetHints":{"allow":["GET"]}}],"collection":[{"href":"https:\/\/overline-poetry.de\/index.php\/wp-json\/wp\/v2\/pages"}],"about":[{"href":"https:\/\/overline-poetry.de\/index.php\/wp-json\/wp\/v2\/types\/page"}],"author":[{"embeddable":true,"href":"https:\/\/overline-poetry.de\/index.php\/wp-json\/wp\/v2\/users\/1"}],"replies":[{"embeddable":true,"href":"https:\/\/overline-poetry.de\/index.php\/wp-json\/wp\/v2\/comments?post=2363"}],"version-history":[{"count":2,"href":"https:\/\/overline-poetry.de\/index.php\/wp-json\/wp\/v2\/pages\/2363\/revisions"}],"predecessor-version":[{"id":2368,"href":"https:\/\/overline-poetry.de\/index.php\/wp-json\/wp\/v2\/pages\/2363\/revisions\/2368"}],"wp:attachment":[{"href":"https:\/\/overline-poetry.de\/index.php\/wp-json\/wp\/v2\/media?parent=2363"}],"curies":[{"name":"wp","href":"https:\/\/api.w.org\/{rel}","templated":true}]}}