
{"id":560,"date":"2025-08-17T14:10:26","date_gmt":"2025-08-17T14:10:26","guid":{"rendered":"https:\/\/overline-poetry.de\/?page_id=560"},"modified":"2025-08-25T14:12:22","modified_gmt":"2025-08-25T14:12:22","slug":"werteunion-die-cdu-csu-rueckt-in-teilen-weiter-nach-rechts","status":"publish","type":"page","link":"https:\/\/overline-poetry.de\/index.php\/werteunion-die-cdu-csu-rueckt-in-teilen-weiter-nach-rechts\/","title":{"rendered":"WerteUnion \u2013 die CDU\/CSU r\u00fcckt in Teilen weiter nach rechts"},"content":{"rendered":"\n<p><strong>Hans-Georg Maa\u00dfen<\/strong> will sich rechts von der <strong>CDU<\/strong> neu orientieren.<br>Wird dann die <strong>CDU<\/strong> Mitglieder an die rechte <strong>WerteUnion<\/strong> verlieren?<br>Damit r\u00fccken Teile der <strong>CDU<\/strong> n\u00e4her an die rechtsextreme <strong>AFD<\/strong> heran,<br>zeigen, dass man auch den rechten Rand damit gut bedienen kann.<br>Christlich und Demokratisch wurden durch den Begriff <strong>Werte<\/strong> ersetzt,<br>wie auch immer der Begriff <strong>Werte<\/strong> wird von dem W\u00e4hler eingesch\u00e4tzt.<br><br>M\u00f6gliches Szenario, dass die<strong> CDU<\/strong> W\u00e4hler an die <strong>WerteUnion<\/strong> verliert,<br>dadurch wird die absolute Mehrheit der <strong>CDU\/CSU<\/strong> bei Wahlen riskiert.<br>Die <strong>WerteUnion<\/strong> muss erst einmal die 5 Prozent H\u00fcrde \u00fcberspringen,<br>dann k\u00f6nnten sie gemeinsam mit der <strong>CDU\/CSU<\/strong> die <strong>AFD<\/strong> bezwingen.<br>Bei Nichterfolg fehlen diese Stimmen f\u00fcr die <strong>CDU\/CSU<\/strong> prozentual.<br>Eine Regierungsbildung der demokratischen Parteien wird zur Qual.<br><br>Die <strong>AFD<\/strong> dann eine prozentuale Stimmenmehrheit f\u00fcr sich gewinnt,<br>da keiner mit der <strong>AFD<\/strong> regiert, ihre \u00fcberbordende Euphorie zerrinnt.<br>Regierungsziele der <strong>AFD<\/strong> werden durch fehlende Stimmen blockiert,<br>so dass die rechtsextremen Ziele k\u00f6nnen von der <strong>AFD<\/strong> nicht realisiert.<br>Mit der <strong>AFD-Minderheitsregierung<\/strong> gibt es den Regierungsstillstand<br>und somit verlaufen alle v\u00f6lkischen <strong>AFD<\/strong>-Projektierungen \u201eim Sand\u201c.<br><br><strong>Die Linke<\/strong>-Partei oder <strong>BSW<\/strong> sich f\u00fcr eine Mitregierung interessieren,<br>aber <strong>die<\/strong> <strong>Linke<\/strong> mit ihren Parteizielen mit denen der <strong>AFD<\/strong> kollidieren.<br><strong>Sarah Wagenknecht<\/strong>,<strong> BSW<\/strong>, sieht ihre Regierungschance gekommen<br>und mit \u201eblindem Eifer\u201c werden gerne Minister\u00e4mter mitgenommen.<br>Eine Mitregierung wird zwar kritisiert, aber st\u00e4rker ist doch ihre Gier.<br><strong>Die gro\u00dfe Frage: Wen unterst\u00fctzt man und was riskiert man daf\u00fcr!<\/strong><br><br><strong>\u00a9 Rainer Dambroth \u2013 17.08.2025 \u2013 www.overline-poetry.de<\/strong><br><br><em><strong>Werte<\/strong><br>Zu den sieben Grundwerten z\u00e4hlen <strong>Ehrlichkeit, Mut, Freiheit, Vertrauen, Teamgeist, Bescheidenheit und Verantwortung<\/strong> .<br>Internetfund<\/em><br><br><em><strong>Die<\/strong><\/em> <em><strong>WerteUnion<\/strong> <strong>\u2013 finde den Unterschied zur AFD<\/strong><br>\u2026\u2026.<br>In der Migrationspolitik fordert die WerteUnion Asylrecht nur f\u00fcr politisch Verfolgte und eine Ende \u201eder millionenfachen Ansiedlung von Ausl\u00e4ndern\u201c. In der Gesundheitspolitik will sie eine Aufarbeitung der Corona-Politik und ist gegen eine m\u00f6gliche Impfpflicht und Zwangstherapien. Wirtschafts- und finanzpolitisch bekennt sich die WerteUnion zur Sozialen Marktwirtschaft, will Steuern und Auflagen senken sowie am Bargeld festhalten. Des Weiteren spricht sich die Partei gegen die Legalisierung von Cannabis und das Selbstbestimmungsgesetz aus. Die bisherige Klima- und Energiepolitik lehnt die WerteUnion als wirtschaftsfeindlich ab und setzt auf eine Weiterentwicklung der Atomkraft. Zudem spricht sie sich gegen das Verbot von Verbrennungsmotoren bei PKW aus. In der Au\u00dfenpolitik pl\u00e4diert die Partei f\u00fcr die Priorisierung nationaler Interessen. Die Europ\u00e4ische Union soll sich nach Ansicht der WerteUnion auf ihre Kernaufgaben eines gemeinsamen Marktes reduzieren. Eine Ausweiterung der NATO lehnt sie ab.<br>\u2026\u2026.<\/em><br><em><strong>bpb \u2013 Bundeszentrale f\u00fcr politische Bildung,<br>Philipp Richter \u2013 06.02.2025<\/strong><\/em><\/p>\n","protected":false},"excerpt":{"rendered":"<p>Hans-Georg Maa\u00dfen will sich rechts von der CDU neu orientieren.Wird dann die CDU Mitglieder an die rechte WerteUnion verlieren?Damit r\u00fccken Teile der CDU n\u00e4her an die rechtsextreme AFD heran,zeigen, dass man auch den rechten Rand damit gut bedienen kann.Christlich und Demokratisch wurden durch den Begriff Werte ersetzt,wie auch immer der Begriff Werte wird von dem [&hellip;]<\/p>\n","protected":false},"author":1,"featured_media":0,"parent":0,"menu_order":0,"comment_status":"closed","ping_status":"closed","template":"","meta":{"footnotes":""},"class_list":["post-560","page","type-page","status-publish","hentry"],"jetpack_sharing_enabled":true,"_links":{"self":[{"href":"https:\/\/overline-poetry.de\/index.php\/wp-json\/wp\/v2\/pages\/560","targetHints":{"allow":["GET"]}}],"collection":[{"href":"https:\/\/overline-poetry.de\/index.php\/wp-json\/wp\/v2\/pages"}],"about":[{"href":"https:\/\/overline-poetry.de\/index.php\/wp-json\/wp\/v2\/types\/page"}],"author":[{"embeddable":true,"href":"https:\/\/overline-poetry.de\/index.php\/wp-json\/wp\/v2\/users\/1"}],"replies":[{"embeddable":true,"href":"https:\/\/overline-poetry.de\/index.php\/wp-json\/wp\/v2\/comments?post=560"}],"version-history":[{"count":1,"href":"https:\/\/overline-poetry.de\/index.php\/wp-json\/wp\/v2\/pages\/560\/revisions"}],"predecessor-version":[{"id":564,"href":"https:\/\/overline-poetry.de\/index.php\/wp-json\/wp\/v2\/pages\/560\/revisions\/564"}],"wp:attachment":[{"href":"https:\/\/overline-poetry.de\/index.php\/wp-json\/wp\/v2\/media?parent=560"}],"curies":[{"name":"wp","href":"https:\/\/api.w.org\/{rel}","templated":true}]}}