
{"id":663,"date":"2024-01-31T05:34:00","date_gmt":"2024-01-31T05:34:00","guid":{"rendered":"https:\/\/overline-poetry.de\/?page_id=663"},"modified":"2025-08-28T05:36:03","modified_gmt":"2025-08-28T05:36:03","slug":"meint-klaus-ernst-das-im-ernst","status":"publish","type":"page","link":"https:\/\/overline-poetry.de\/index.php\/meint-klaus-ernst-das-im-ernst\/","title":{"rendered":"Meint Klaus Ernst das im Ernst?"},"content":{"rendered":"\n<p>Als \u201eAbgesandter\u201c von Sahra Wagenknecht neu gegr\u00fcndeter Partei,<br>war der Mitgr\u00fcnder Klaus Ernst bei Sandra Maischberger mit dabei.<br>Bei den Aussagen ist man \u00fcber die vorhandene Naivit\u00e4t sehr irritiert,<br>wie Klaus Ernst die Begr\u00fcndung f\u00fcr Putins Angriff dann interpretiert.<br><br>Putins zwingende Notwendigkeit f\u00fcr den Krieg wird so argumentiert,<br>er hatte Angst, der Amerikaner in der Ukraine eine Basis stationiert.<br>Wir sollten doch keine Waffen liefern, weil die Ukraine wird verlieren,<br>dieses kann man nur mit Wohlgesonnenheit zu Putin kommentieren.<br><br>Man sollte doch endlich verhandeln, um diesen Krieg zu beenden!<br>Glauben denn diese Naivlinge, der Putin lie\u00dfe es dabei bewenden?<br>Auf die Frage: \u201eWie soll die Ukraine in Frieden beenden den Krieg\u201c?<br>Die Antwort blieb Klaus Ernst schuldig, dann will er wohl Putins Sieg.<br><br>Putin hat sich ein russisches Gro\u00dfreich wieder in den Kopf gesetzt,<br>aber hat sich bei Dauer der Friedensmission schon sehr versch\u00e4tzt.<br>Putins Erwartung, das bei dem Einmarsch russische Fahnen wehen<br>und nicht damit gerechnet, das Ukrainer ihn lieber von hinten sehen.<br><br>Keiner, au\u00dfer Putin, wollte in Europa je wieder einen Krieg erleben,<br>aber naiv denkende Menschen, wie Klaus Ernst sollte es nicht geben.<br>Denn alle Phrasen sind plakativ, ohne jedes Fundament ausgesagt,<br>haben sie denn nie die Ursache dieses Angriffskrieges hinterfragt.<br><br>Auch bei Sahra Wagenknecht die \u201eGebetsm\u00fchlen\u201c st\u00e4ndig rotieren:<br>&#8222;Die Menschen t\u00e4glich sterben und sie werden den Krieg verlieren&#8220;.<br>Ich kann dieses st\u00e4ndige \u201eGeseire\u201c von ihr schon nicht mehr h\u00f6ren,<br>mit diesen plakativen Aussagen kann sie nur ihre W\u00e4hler bet\u00f6ren.<br><br><strong>\u00a9<\/strong> Rainer Dambroth &#8211; 31.01.2024 &#8211; <strong><a href=\"https:\/\/www.overline-poetry.de\/\">www.overline-poetry.de<\/a><\/strong><br><br><strong>10.01.2024 &#8211; Klaus Ernst vom B\u00fcndnis Sahra Wagenknecht und Roderich Kiesewetter von der CDU bei Sandra Maischberger.<\/strong><br><\/p>\n","protected":false},"excerpt":{"rendered":"<p>Als \u201eAbgesandter\u201c von Sahra Wagenknecht neu gegr\u00fcndeter Partei,war der Mitgr\u00fcnder Klaus Ernst bei Sandra Maischberger mit dabei.Bei den Aussagen ist man \u00fcber die vorhandene Naivit\u00e4t sehr irritiert,wie Klaus Ernst die Begr\u00fcndung f\u00fcr Putins Angriff dann interpretiert. Putins zwingende Notwendigkeit f\u00fcr den Krieg wird so argumentiert,er hatte Angst, der Amerikaner in der Ukraine eine Basis stationiert.Wir [&hellip;]<\/p>\n","protected":false},"author":1,"featured_media":0,"parent":0,"menu_order":0,"comment_status":"closed","ping_status":"closed","template":"","meta":{"footnotes":""},"class_list":["post-663","page","type-page","status-publish","hentry"],"jetpack_sharing_enabled":true,"_links":{"self":[{"href":"https:\/\/overline-poetry.de\/index.php\/wp-json\/wp\/v2\/pages\/663","targetHints":{"allow":["GET"]}}],"collection":[{"href":"https:\/\/overline-poetry.de\/index.php\/wp-json\/wp\/v2\/pages"}],"about":[{"href":"https:\/\/overline-poetry.de\/index.php\/wp-json\/wp\/v2\/types\/page"}],"author":[{"embeddable":true,"href":"https:\/\/overline-poetry.de\/index.php\/wp-json\/wp\/v2\/users\/1"}],"replies":[{"embeddable":true,"href":"https:\/\/overline-poetry.de\/index.php\/wp-json\/wp\/v2\/comments?post=663"}],"version-history":[{"count":1,"href":"https:\/\/overline-poetry.de\/index.php\/wp-json\/wp\/v2\/pages\/663\/revisions"}],"predecessor-version":[{"id":667,"href":"https:\/\/overline-poetry.de\/index.php\/wp-json\/wp\/v2\/pages\/663\/revisions\/667"}],"wp:attachment":[{"href":"https:\/\/overline-poetry.de\/index.php\/wp-json\/wp\/v2\/media?parent=663"}],"curies":[{"name":"wp","href":"https:\/\/api.w.org\/{rel}","templated":true}]}}