
{"id":733,"date":"2022-03-24T04:34:00","date_gmt":"2022-03-24T04:34:00","guid":{"rendered":"https:\/\/overline-poetry.de\/?page_id=733"},"modified":"2025-08-31T07:34:12","modified_gmt":"2025-08-31T07:34:12","slug":"putin-der-russische-pinocchio","status":"publish","type":"page","link":"https:\/\/overline-poetry.de\/index.php\/putin-der-russische-pinocchio\/","title":{"rendered":"Putin, der russische Pinocchio"},"content":{"rendered":"\n<p>Wenn Putin l\u00fcgt, w\u00e4chst seine Nase lang aus seiner Stirn.<br>Wo jetzt der Platz f\u00fcr die Nase, fehlt empathisches Gehirn.<br>Darum ist der Tagungstisch vom Despoten so extrem lang,<br>damit nicht durch die lange Nase seinen G\u00e4sten wird bang.<br><br>Beim L\u00fcgen Pustins Nase lang \u00fcber den Tisch dann schnellt,<br>w\u00e4re der Tisch zu kurz, sein Gast vom dem Stuhl dann f\u00e4llt.<br>Putin l\u00fcgt die Wahrheit wie er sie braucht und ihm gef\u00e4llt<br>und \u201eBefreiungskriege\u201c finanziert mit Gas- und Kohlegeld.<br><br>Putin ist eiskalt berechnend mit einem L\u00e4cheln im Gesicht,<br>aber was sich hinter dieser Maske verbirgt, sieht man nicht.<br>Wenn einer seine Z\u00e4hne zeigt, dann er damit auch beisst<br>und das auch in jedem Fall, wenn der Pinocchio Putin heisst.<br><br>V\u00f6llig empathielos er die G\u00e4ste bei sich im Kreml empf\u00e4ngt,<br>alle wollen die Friedensl\u00f6sung, wissend, das die Zeit dr\u00e4ngt.<br>Die russische Armee kriegsbereit an der Grenze positioniert<br>und Putin l\u00fcgt, als ob dieses Szenario ihn nicht interessiert.<br><br>Erst die L\u00e4nder abh\u00e4ngig gemacht von Gas, \u00d6l und Kohle,<br>der Altkanzler Schr\u00f6der verhandelt zum russischen Wohle.<br>Davon kann Putin langfristig \u201eBefreiungskriege\u201c finanzieren,<br>er h\u00e4lt die Hand am Hebel und welches Land will frieren.<br><br>Jetzt, wo er wieder \u201eentnazifiziert\u201c in einen fremden Staat,<br>merkt man, wo man Fehler beim Rohstoffkauf gemacht hat.<br>Denn Abh\u00e4ngigkeiten schr\u00e4nken die eigenen Aktivit\u00e4ten ein,<br>man kann nicht reagieren, wie man will, und l\u00e4sst ihn allein.<br><br>Bei dem Einmarsch in Ostukraine hat der Despot gelogen<br>und die echte Wahrheit um \u201eviele Nasenl\u00e4ngen\u201c verbogen.<br>Die Regionen Donezk und Luhansk waren in gro\u00dfer Gefahr,<br>wir mussten helfen und Pinocchio Putin l\u00fcgt: \u201edas ist wahr.\u201c<br><br>Menschenverachtend brutal und vom Gr\u00f6\u00dfenwahn getrieben<br>und sein Wunsch f\u00fcr ein russisches Gro\u00dfreich ist geblieben.<br>Er schickt seine Soldaten in einen sinnlosen \u201eBruderkrieg\u201c<br>und sollte er den Krieg gewinnen, w\u00e4re das ein blutiger Sieg.<br><br><strong>\u00a9<\/strong> Rainer Dambroth &#8211; 24.03.2022 &#8211; <strong><a href=\"https:\/\/www.overline-poetry.de\/\">www.overline-poetry.de<\/a><\/strong><br><\/p>\n\n\n\n<figure class=\"wp-block-image size-full\"><img decoding=\"async\" width=\"128\" height=\"128\" src=\"https:\/\/overline-poetry.de\/wp-content\/uploads\/2025\/08\/grafik-2.png\" alt=\"\" class=\"wp-image-753\"\/><\/figure>\n\n\n\n<p><br><\/p>\n","protected":false},"excerpt":{"rendered":"<p>Wenn Putin l\u00fcgt, w\u00e4chst seine Nase lang aus seiner Stirn.Wo jetzt der Platz f\u00fcr die Nase, fehlt empathisches Gehirn.Darum ist der Tagungstisch vom Despoten so extrem lang,damit nicht durch die lange Nase seinen G\u00e4sten wird bang. Beim L\u00fcgen Pustins Nase lang \u00fcber den Tisch dann schnellt,w\u00e4re der Tisch zu kurz, sein Gast vom dem Stuhl [&hellip;]<\/p>\n","protected":false},"author":1,"featured_media":0,"parent":0,"menu_order":0,"comment_status":"closed","ping_status":"closed","template":"","meta":{"footnotes":""},"class_list":["post-733","page","type-page","status-publish","hentry"],"jetpack_sharing_enabled":true,"_links":{"self":[{"href":"https:\/\/overline-poetry.de\/index.php\/wp-json\/wp\/v2\/pages\/733","targetHints":{"allow":["GET"]}}],"collection":[{"href":"https:\/\/overline-poetry.de\/index.php\/wp-json\/wp\/v2\/pages"}],"about":[{"href":"https:\/\/overline-poetry.de\/index.php\/wp-json\/wp\/v2\/types\/page"}],"author":[{"embeddable":true,"href":"https:\/\/overline-poetry.de\/index.php\/wp-json\/wp\/v2\/users\/1"}],"replies":[{"embeddable":true,"href":"https:\/\/overline-poetry.de\/index.php\/wp-json\/wp\/v2\/comments?post=733"}],"version-history":[{"count":2,"href":"https:\/\/overline-poetry.de\/index.php\/wp-json\/wp\/v2\/pages\/733\/revisions"}],"predecessor-version":[{"id":754,"href":"https:\/\/overline-poetry.de\/index.php\/wp-json\/wp\/v2\/pages\/733\/revisions\/754"}],"wp:attachment":[{"href":"https:\/\/overline-poetry.de\/index.php\/wp-json\/wp\/v2\/media?parent=733"}],"curies":[{"name":"wp","href":"https:\/\/api.w.org\/{rel}","templated":true}]}}