
{"id":777,"date":"2022-10-25T09:39:00","date_gmt":"2022-10-25T09:39:00","guid":{"rendered":"https:\/\/overline-poetry.de\/?page_id=777"},"modified":"2025-09-05T16:28:00","modified_gmt":"2025-09-05T16:28:00","slug":"warum-kleben-die-ossis-so-an-russland","status":"publish","type":"page","link":"https:\/\/overline-poetry.de\/index.php\/warum-kleben-die-ossis-so-an-russland\/","title":{"rendered":"Warum &#8222;kleben&#8220; die Ossis so an Russland?"},"content":{"rendered":"\n<p>Der gro\u00dfe Friedensbringer f\u00fcr die Ossis, das ist doch das russische Land,<br>aber die Kritiker sehen in dem Putin den Teufel im \u201eFriedensengelgewand\u201c.<br>Die \u00e4lteren Ossis an Russland und dem russischen Despoten Putin \u201ekleben\u201c,<br>aber wie sollen sie unterscheiden, wenn sie Freiheit durften nicht erleben.<br><br>Wer \u00fcber vierzig Jahre erlebt nur die \u201ebr\u00fcderliche\u201c russische Verbundenheit,<br>der verlernt das selbstst\u00e4ndige Denken und Handeln dann auch mit der Zeit.<br>Man dann auch nur die Feindbilder der russischen Welt f\u00fcr sich hat erlernt,<br>sich dadurch immer mehr von der realen \u201epolitischen B\u00fchnenwelt\u201c entfernt.<br><br>Die Sahra Wagenknecht, von den Linken, sieht die Gr\u00fcnen als eine Gefahr,<br>aber der, den Ukrainekrieg begann, doch der russische Pr\u00e4sident Putin war.<br>Was ist mit ihr los, hat sie denn den Boden der Realit\u00e4t endg\u00fcltig verlassen,<br>dass sie nur sieht bei den Gr\u00fcnen die Gefahr und wird sie deshalb hassen?<br><br>Der CDU-Politiker Michael Kreschtmer und das ist doch nicht zu glauben,<br>will nach Kriegsende wieder die Lieferung von Gas aus Russland erlauben.<br>An Michael Kretschmer gerichtet: Wir Wessis sind da doch anders \u201egepolt\u201c,<br>wird man vom Lieferanten betrogen, man bei dem keine Waren mehr holt.<br><br>Der Wiederaufbau der Ukraine durch die freien L\u00e4nder wird schon geplant,<br>aber solange der Putin Bomben schmei\u00dft, wird vor dem Aufbau gewarnt.<br>Solange der Despot Putin als Autokrat in Russland die \u201eGeschicke\u201c lenkt,<br>man besser noch nicht an den Wiederaufbau der zerst\u00f6rten Ukraine denkt.<br><br>Erst wenn Russland mit der Ukraine einen best\u00e4ndigen Frieden beschlie\u00dft<br>und auch nur, wenn von Russland auch Geld f\u00fcr die Reparation dann flie\u00dft.<br>Denn werden Geb\u00e4ude mit dem Aufbauprogramm und viel Geld hergestellt,<br>unter den Bomben von Putins Raketenangriffen wieder alles zusammenf\u00e4llt.<br><br><strong>\u00a9<\/strong> Rainer Dambroth &#8211; 25.10.2022 &#8211; <strong><a href=\"https:\/\/www.overline-poetry.de\/\">www.overline-poetry.de<\/a><\/strong><\/p>\n","protected":false},"excerpt":{"rendered":"<p>Der gro\u00dfe Friedensbringer f\u00fcr die Ossis, das ist doch das russische Land,aber die Kritiker sehen in dem Putin den Teufel im \u201eFriedensengelgewand\u201c.Die \u00e4lteren Ossis an Russland und dem russischen Despoten Putin \u201ekleben\u201c,aber wie sollen sie unterscheiden, wenn sie Freiheit durften nicht erleben. Wer \u00fcber vierzig Jahre erlebt nur die \u201ebr\u00fcderliche\u201c russische Verbundenheit,der verlernt das selbstst\u00e4ndige [&hellip;]<\/p>\n","protected":false},"author":1,"featured_media":0,"parent":0,"menu_order":0,"comment_status":"closed","ping_status":"closed","template":"","meta":{"footnotes":""},"class_list":["post-777","page","type-page","status-publish","hentry"],"jetpack_sharing_enabled":true,"_links":{"self":[{"href":"https:\/\/overline-poetry.de\/index.php\/wp-json\/wp\/v2\/pages\/777","targetHints":{"allow":["GET"]}}],"collection":[{"href":"https:\/\/overline-poetry.de\/index.php\/wp-json\/wp\/v2\/pages"}],"about":[{"href":"https:\/\/overline-poetry.de\/index.php\/wp-json\/wp\/v2\/types\/page"}],"author":[{"embeddable":true,"href":"https:\/\/overline-poetry.de\/index.php\/wp-json\/wp\/v2\/users\/1"}],"replies":[{"embeddable":true,"href":"https:\/\/overline-poetry.de\/index.php\/wp-json\/wp\/v2\/comments?post=777"}],"version-history":[{"count":1,"href":"https:\/\/overline-poetry.de\/index.php\/wp-json\/wp\/v2\/pages\/777\/revisions"}],"predecessor-version":[{"id":781,"href":"https:\/\/overline-poetry.de\/index.php\/wp-json\/wp\/v2\/pages\/777\/revisions\/781"}],"wp:attachment":[{"href":"https:\/\/overline-poetry.de\/index.php\/wp-json\/wp\/v2\/media?parent=777"}],"curies":[{"name":"wp","href":"https:\/\/api.w.org\/{rel}","templated":true}]}}