
{"id":861,"date":"2023-02-21T08:13:00","date_gmt":"2023-02-21T08:13:00","guid":{"rendered":"https:\/\/overline-poetry.de\/?page_id=861"},"modified":"2025-09-01T08:29:36","modified_gmt":"2025-09-01T08:29:36","slug":"putin-die-rede-zur-lage-der-nation-oder-putins-maerchenstunde","status":"publish","type":"page","link":"https:\/\/overline-poetry.de\/index.php\/putin-die-rede-zur-lage-der-nation-oder-putins-maerchenstunde\/","title":{"rendered":"Putin \u2013 Die Rede zur Lage der Nation oder \u201ePutins M\u00e4rchenstunde\u201c"},"content":{"rendered":"\n<p>Putin erkl\u00e4rt, dass die Nato hat Russland provoziert,<br>er musste sich wehren, weil sonst Russland verliert.<br>Putin kann sich in seinen Erkl\u00e4rungen alles erlauben<br>und die \u201eUntertanen\u201c dem Pr\u00e4sidenten alles glauben.<br><br>Er l\u00fcgt, betr\u00fcgt und redet sich \u201eum Kopf und Kragen\u201c,<br>als Feigling traut er sich nicht, die Wahrheit zu sagen.<br>Putin will als Held in russischer Geschichte genannt,<br>und er hat in umliegenden Staaten &#8222;Erde verbrannt\u201c.<br><br>Desinformation durch Putins gesendete \u201eWahrheiten\u201c<br>und Informierte wollen nicht die Wahrheit verbreiten.<br>Der Despot Putin l\u00e4sst die \u201eWahrsager\u201c wegsperren,<br>denn er will nur \u201eseine Wahrheit\u201c in Russland h\u00f6ren.<br><br>Die informierten Russen vor dem Einsatz desertieren,<br>sie wollen nicht bei diesem Krieg ihr Leben verlieren,<br>denn die Friedh\u00f6fe sind mit den Kriegsopfern gef\u00fcllt,<br>Putin bei den L\u00fcgen seine wahren Begehren verh\u00fcllt.<br><br>Er will ein gro\u00dfes Reich Russland f\u00fcr sich erschlie\u00dfen,<br>und diesen Ruhm in Russlands Geschichte genie\u00dfen.<br>Er sieht Russland als ein Gegengewicht zum Westen,<br>wenn L\u00e4nder entschwinden, stehts nicht zum Besten.<br><br>Der Despot Lukaschenko aus Belarus ihn unterst\u00fctzt,<br>denn Putin hat ihn bei seinem Machterhalt besch\u00fctzt.<br>Er unterst\u00fctzt Putin mit Milit\u00e4r bei dem Angriffskrieg<br>und hofft auf eine Ehrung nach dem \u201eUkraine Sieg\u201c.<br><br>Ramsan Kadyrow wird &#8222;Putins Marionette&#8220; benannt<br>und der Tschetschene als \u201ePutins Bluthund\u201c bekannt.<br>Er droht, Ostdeutschland wieder russisch zu besetzen,<br>aber er sollte seine Macht nicht zu sehr \u00fcbersch\u00e4tzen.<br><br>Putin die Wehrhaftigkeit der Ukraine nicht kalkuliert,<br>aber die Ukraine ihre Autonomie nicht gerne verliert.<br>Die Nato will keinen Krieg, sondern in Frieden leben!<br>F\u00fcr Putin scheint es das Wort Frieden nicht zu geben.<br><br>\u00a9 Rainer Dambroth \u2013 21.02.23 &#8211; <strong><a href=\"http:\/\/www.overline-poetry.de\/\">www.overline-poetry.de<\/a><\/strong><\/p>\n\n\n\n<p><\/p>\n","protected":false},"excerpt":{"rendered":"<p>Putin erkl\u00e4rt, dass die Nato hat Russland provoziert,er musste sich wehren, weil sonst Russland verliert.Putin kann sich in seinen Erkl\u00e4rungen alles erlaubenund die \u201eUntertanen\u201c dem Pr\u00e4sidenten alles glauben. Er l\u00fcgt, betr\u00fcgt und redet sich \u201eum Kopf und Kragen\u201c,als Feigling traut er sich nicht, die Wahrheit zu sagen.Putin will als Held in russischer Geschichte genannt,und er [&hellip;]<\/p>\n","protected":false},"author":1,"featured_media":0,"parent":0,"menu_order":0,"comment_status":"closed","ping_status":"closed","template":"","meta":{"footnotes":""},"class_list":["post-861","page","type-page","status-publish","hentry"],"jetpack_sharing_enabled":true,"_links":{"self":[{"href":"https:\/\/overline-poetry.de\/index.php\/wp-json\/wp\/v2\/pages\/861","targetHints":{"allow":["GET"]}}],"collection":[{"href":"https:\/\/overline-poetry.de\/index.php\/wp-json\/wp\/v2\/pages"}],"about":[{"href":"https:\/\/overline-poetry.de\/index.php\/wp-json\/wp\/v2\/types\/page"}],"author":[{"embeddable":true,"href":"https:\/\/overline-poetry.de\/index.php\/wp-json\/wp\/v2\/users\/1"}],"replies":[{"embeddable":true,"href":"https:\/\/overline-poetry.de\/index.php\/wp-json\/wp\/v2\/comments?post=861"}],"version-history":[{"count":2,"href":"https:\/\/overline-poetry.de\/index.php\/wp-json\/wp\/v2\/pages\/861\/revisions"}],"predecessor-version":[{"id":869,"href":"https:\/\/overline-poetry.de\/index.php\/wp-json\/wp\/v2\/pages\/861\/revisions\/869"}],"wp:attachment":[{"href":"https:\/\/overline-poetry.de\/index.php\/wp-json\/wp\/v2\/media?parent=861"}],"curies":[{"name":"wp","href":"https:\/\/api.w.org\/{rel}","templated":true}]}}