
{"id":931,"date":"2020-10-04T16:08:00","date_gmt":"2020-10-04T16:08:00","guid":{"rendered":"https:\/\/overline-poetry.de\/?page_id=931"},"modified":"2025-09-02T16:11:31","modified_gmt":"2025-09-02T16:11:31","slug":"wir-harken-das-laub-und-hacken-holz","status":"publish","type":"page","link":"https:\/\/overline-poetry.de\/index.php\/wir-harken-das-laub-und-hacken-holz\/","title":{"rendered":"Wir harken das Laub und hacken Holz"},"content":{"rendered":"\n<p>Wir wollen nun doch nicht mehr viel l\u00e4nger warten,<br>denn wir m\u00fcssen heute arbeiten in unserem Garten.<br><strong>Hacke<\/strong> und <strong>Harke<\/strong> werden von den <strong>Haken<\/strong> abgeh\u00e4ngt,<br>weil doch sehr die Arbeit in unserem Garten dr\u00e4ngt.<br><br>Mit der <strong>Hacke<\/strong> werden die Beete dann durch <strong>gehackt<\/strong>.<br>Das <strong>Gehackte<\/strong> nach dem <strong>Hacken<\/strong> zum Haufen gepackt.<br>Mit der <strong>Harke<\/strong> werden die Beete dann sauber <strong>geharkt<\/strong>.<br><strong>Hacke<\/strong> und <strong>Harke<\/strong> dann wieder auf die <strong>Haken<\/strong> \u201egeparkt\u201c.<br><br>Der Boden ist locker und die Pflanzen bekommen Licht,<br>und die Beetpflanzen stehen dann nicht mehr so dicht.<br>Die <strong>gehackten<\/strong> Beete sehen <strong>ausgeharkt<\/strong> viel besser aus<br>und steigern unsere Gartenqualit\u00e4t rund um das Haus.<br><br>Ich habe Feuerholz zum Heizen f\u00fcr den Ofen erhalten,<br>dieses muss ich nun <strong>zerhacken<\/strong> und in Scheite spalten.<br>Man braucht f\u00fcr den Winter das Feuerholz zum Heizen.<br>Mit der Ofenw\u00e4rme braucht man dann nicht zu geizen.<br><br>Zum Schneiden von Holz hole ich die S\u00e4ge vom <strong>Haken<\/strong><br>und brauche eine Axt um das Holz dann zu <strong>zerhacken<\/strong>.<br>Zuerst wird das Holz auf die richtige L\u00e4nge geschnitten<br>dann folgt das <strong>Zerhacken<\/strong> mit weiteren Arbeitsschritten.<br><br>Den Holzklotz zum <strong>Zerhacken<\/strong> dann aufrecht hingelegt<br>und die Axt mit Schwung auf den Holzklotz zu bewegt.<br>Dadurch wird der Klotz dann in kleine Scheite <strong>zerhackt<\/strong><br>und die <strong>gehackten<\/strong> Scheite auf einen Stapel aufgepackt.<br><br>Das frisch <strong>gehackte<\/strong> Holz wird zu Meilern dann angelegt<br>und damit das Holz trocknet, wird es auch gut gepflegt.<br>Feuer im Ofen gibt <strong>gehacktes<\/strong> Holz, wenn es nicht nass,<br>denn wenn es sehr r\u00e4uchert, macht Heizen keinen Spa\u00df.<br><br>Verloren habe ich beim <strong>Hacken<\/strong> den <strong>Hacken<\/strong> vom Schuh.<br>Ich <strong>harke<\/strong> das Beet und finde den <strong>Hacken<\/strong> wieder im Nu.<br>Nun brauche ich keinen neuen \u201e<strong>Schuhhacken<\/strong>\u201c zu kaufen<br>und ohne den verlorenen <strong>Hacken<\/strong> nicht \u201eschief\u201c zu laufen.<br><br>Komme ich ins Haus vom Beete <strong>harken<\/strong> und <strong>Holzhacken<\/strong>,<br>dann h\u00e4nge meine Arbeitskleidung an den <strong>Kleiderhaken<\/strong>.<br>Ich heize den Ofen an, mit trockenem <strong>gehacktem<\/strong> Holz<br>und bin auf die Gartenarbeit \u201e<strong>harken<\/strong> und <strong>hacken<\/strong>\u201c stolz.<br><br><strong>\u00a9<\/strong> Rainer Dambroth &#8211; 04.10.2020 &#8211; <strong><a href=\"https:\/\/www.overline-poetry.de\/\">www.overline-poetry.de<\/a><\/strong><\/p>\n","protected":false},"excerpt":{"rendered":"<p>Wir wollen nun doch nicht mehr viel l\u00e4nger warten,denn wir m\u00fcssen heute arbeiten in unserem Garten.Hacke und Harke werden von den Haken abgeh\u00e4ngt,weil doch sehr die Arbeit in unserem Garten dr\u00e4ngt. Mit der Hacke werden die Beete dann durch gehackt.Das Gehackte nach dem Hacken zum Haufen gepackt.Mit der Harke werden die Beete dann sauber geharkt.Hacke [&hellip;]<\/p>\n","protected":false},"author":1,"featured_media":0,"parent":0,"menu_order":0,"comment_status":"closed","ping_status":"closed","template":"","meta":{"footnotes":""},"class_list":["post-931","page","type-page","status-publish","hentry"],"jetpack_sharing_enabled":true,"_links":{"self":[{"href":"https:\/\/overline-poetry.de\/index.php\/wp-json\/wp\/v2\/pages\/931","targetHints":{"allow":["GET"]}}],"collection":[{"href":"https:\/\/overline-poetry.de\/index.php\/wp-json\/wp\/v2\/pages"}],"about":[{"href":"https:\/\/overline-poetry.de\/index.php\/wp-json\/wp\/v2\/types\/page"}],"author":[{"embeddable":true,"href":"https:\/\/overline-poetry.de\/index.php\/wp-json\/wp\/v2\/users\/1"}],"replies":[{"embeddable":true,"href":"https:\/\/overline-poetry.de\/index.php\/wp-json\/wp\/v2\/comments?post=931"}],"version-history":[{"count":1,"href":"https:\/\/overline-poetry.de\/index.php\/wp-json\/wp\/v2\/pages\/931\/revisions"}],"predecessor-version":[{"id":935,"href":"https:\/\/overline-poetry.de\/index.php\/wp-json\/wp\/v2\/pages\/931\/revisions\/935"}],"wp:attachment":[{"href":"https:\/\/overline-poetry.de\/index.php\/wp-json\/wp\/v2\/media?parent=931"}],"curies":[{"name":"wp","href":"https:\/\/api.w.org\/{rel}","templated":true}]}}